000
CDUS42 KGSP 020634
CLIAVL

CLIMATE REPORT
NATIONAL WEATHER SERVICE GREENVILLE-SPARTANBURG SC
233 AM EDT THU APR 2 2015


...................................

...THE ASHEVILLE NC CLIMATE SUMMARY FOR APRIL 1 2015...

CLIMATE NORMAL PERIOD 1981 TO 2010
CLIMATE RECORD PERIOD 1869 TO 2015


WEATHER ITEM   OBSERVED TIME   RECORD YEAR NORMAL DEPARTURE LAST
                VALUE   (LST)  VALUE       VALUE  FROM      YEAR
                                                  NORMAL
..................................................................
TEMPERATURE (F)
 YESTERDAY
  MAXIMUM         73    510 PM  83    1974  64      9       81
  MINIMUM         50   1147 PM  20    1923  39     11       40
  AVERAGE         62                        51     11       61

PRECIPITATION (IN)
  YESTERDAY        0.00          1.20 1970   0.12  -0.12      T
  MONTH TO DATE    0.00                      0.12  -0.12      T
  SINCE MAR 1      2.12                      3.95  -1.83     2.30
  SINCE JAN 1      7.96                     11.38  -3.42     7.65

SNOWFALL (IN)
  YESTERDAY        0.0           3.6  1931   0.1             0.0
  MONTH TO DATE    0.0                       0.1             0.0
  SINCE MAR 1      T                         2.0             0.4
  SINCE JUL 1     13.3                       9.3             9.8
  SNOW DEPTH       0

DEGREE DAYS
 HEATING
  YESTERDAY        3                        14    -11        4
  MONTH TO DATE    3                        14    -11        4
  SINCE MAR 1    428                       569   -141      633
  SINCE JUL 1   3737                      3786    -49     3952

 COOLING
  YESTERDAY        0                         0      0        0
  MONTH TO DATE    0                         0      0        0
  SINCE MAR 1      0                         1     -1        0
  SINCE JAN 1      0                         1     -1        0
..................................................................


WIND (MPH)
  HIGHEST WIND SPEED    16   HIGHEST WIND DIRECTION     N (10)
  HIGHEST GUST SPEED    21   HIGHEST GUST DIRECTION     N (20)
  AVERAGE WIND SPEED     7.0


SKY COVER
  POSSIBLE SUNSHINE  MM
  AVERAGE SKY COVER 0.0


WEATHER CONDITIONS
 THE FOLLOWING WEATHER WAS RECORDED YESTERDAY.
  NO SIGNIFICANT WEATHER WAS OBSERVED.


RELATIVE HUMIDITY (PERCENT)
 HIGHEST    55           200 AM
 LOWEST     13           500 PM
 AVERAGE    34

..........................................................


THE ASHEVILLE NC CLIMATE NORMALS FOR TODAY
                         NORMAL    RECORD    YEAR
 MAXIMUM TEMPERATURE (F)   64        87      1946
 MINIMUM TEMPERATURE (F)   39        25      1924


SUNRISE AND SUNSET
APRIL  2 2015.........SUNRISE   716 AM EDT   SUNSET   752 PM EDT
APRIL  3 2015.........SUNRISE   714 AM EDT   SUNSET   753 PM EDT


-  INDICATES NEGATIVE NUMBERS.
R  INDICATES RECORD WAS SET OR TIED.
MM INDICATES DATA IS MISSING.
T  INDICATES TRACE AMOUNT.

$$
