000
CDUS41 KCTP 262120
CLIBFD


CLIMATE REPORT
NATIONAL WEATHER SERVICE STATE COLLEGE PA
520 PM EDT SUN APR 26 2015


...................................

...THE BRADFORD CLIMATE SUMMARY FOR APRIL 26 2015...
VALID TODAY AS OF 0500 PM LOCAL TIME.

CLIMATE NORMAL PERIOD 1981 TO 2010
CLIMATE RECORD PERIOD 1957 TO 2015


WEATHER ITEM   OBSERVED TIME   RECORD YEAR NORMAL DEPARTURE LAST
                VALUE   (LST)  VALUE       VALUE  FROM      YEAR
                                                  NORMAL
..................................................................
TEMPERATURE (F)
 TODAY
  MAXIMUM         51    143 PM  82    1990  59     -8       57
  MINIMUM         27    549 AM  18    1972  35     -8       38
  AVERAGE         39                        47     -8       48

PRECIPITATION (IN)
  TODAY            0.00          0.88 1998   0.11  -0.11     0.00
  MONTH TO DATE    4.21                      3.06   1.15     3.17
  SINCE MAR 1      6.55                      6.43   0.12     5.17
  SINCE JAN 1      9.39                     12.07  -2.68     8.70

DEGREE DAYS
 HEATING
  TODAY           26                        13     13       17
  MONTH TO DATE  525                       441     84      529
  SINCE MAR 1   1694                      1478    216     1706
  SINCE JUL 1   7593                      7048    545     7372

 COOLING
  TODAY            0                         0      0        0
  MONTH TO DATE    0                         0      0        2
  SINCE MAR 1      0                         0      0        2
  SINCE JAN 1      0                         0      0        2
..................................................................


WIND (MPH)
  HIGHEST WIND SPEED    17   HIGHEST WIND DIRECTION    NW (310)
  HIGHEST GUST SPEED    24   HIGHEST GUST DIRECTION    NW (330)
  AVERAGE WIND SPEED     6.5


SKY COVER
  POSSIBLE SUNSHINE  MM
  AVERAGE SKY COVER 0.4


WEATHER CONDITIONS
 THE FOLLOWING WEATHER WAS RECORDED TODAY.
  NO SIGNIFICANT WEATHER WAS OBSERVED.


RELATIVE HUMIDITY (PERCENT)
 HIGHEST    78           200 AM
 LOWEST     36          1200 PM
 AVERAGE    57

..........................................................


THE BRADFORD CLIMATE NORMALS FOR TOMORROW
                         NORMAL    RECORD    YEAR
 MAXIMUM TEMPERATURE (F)   60        85      1990
 MINIMUM TEMPERATURE (F)   36        20      2002


SUNRISE AND SUNSET
APRIL 26 2015.........SUNRISE   618 AM EDT   SUNSET   807 PM EDT
APRIL 27 2015.........SUNRISE   617 AM EDT   SUNSET   808 PM EDT


-  INDICATES NEGATIVE NUMBERS.
R  INDICATES RECORD WAS SET OR TIED.
MM INDICATES DATA IS MISSING.
T  INDICATES TRACE AMOUNT.




$$
