000
CDUS45 KCYS 180738
CLIBFF


CLIMATE REPORT
NATIONAL WEATHER SERVICE CHEYENNE WY
136 AM MDT SAT APR 18 2015


...................................

...THE SCOTTSBLUFF NE AIRPORT CLIMATE SUMMARY FOR APRIL 17 2015...

CLIMATE NORMAL PERIOD 1981 TO 2010
CLIMATE RECORD PERIOD 1871 TO 2015


WEATHER ITEM   OBSERVED TIME   RECORD YEAR NORMAL DEPARTURE LAST
                VALUE   (LST)  VALUE       VALUE  FROM      YEAR
                                                  NORMAL
..................................................................
TEMPERATURE (F)
 YESTERDAY
  MAXIMUM         48    506 PM  87    1948  62    -14       60
  MINIMUM         42   1159 PM   7    1896  32     10       33
  AVERAGE         45                        47     -2       47

PRECIPITATION (IN)
  YESTERDAY        1.40R         1.29 1914   0.07   1.33     0.00
  MONTH TO DATE    2.34                      0.98   1.36     0.11
  SINCE JAN 1      3.45                      2.99   0.46     2.56

SNOWFALL (IN)
  YESTERDAY        0.0           5.7  1986   0.2   -0.2      0.0
  MONTH TO DATE    0.5                       3.8   -3.3      1.1
  SINCE JUL 1     43.7                      40.0    3.7     61.5
  SNOW DEPTH       0

DEGREE DAYS
 HEATING
  YESTERDAY       20                        18      2       18
  MONTH TO DATE  299                       348    -49      345
  SINCE MAR 1    919                      1177   -258     1175
  SINCE JUL 1   5634                      6089   -455     6208

 COOLING
  YESTERDAY        0                         0      0        0
  MONTH TO DATE    0                         0      0        0
  SINCE MAR 1      0                         0      0        0
  SINCE JAN 1      0                         0      0        0
..................................................................


WIND (MPH)
  HIGHEST WIND SPEED    30   HIGHEST WIND DIRECTION    NE (50)
  HIGHEST GUST SPEED    37   HIGHEST GUST DIRECTION    NE (50)
  AVERAGE WIND SPEED    17.3


SKY COVER
  AVERAGE SKY COVER 0.9


WEATHER CONDITIONS
 THE FOLLOWING WEATHER WAS RECORDED YESTERDAY.
  HEAVY RAIN
  RAIN
  LIGHT RAIN
  FOG


RELATIVE HUMIDITY (PERCENT)
 HIGHEST   100           600 AM
 LOWEST     92           200 AM
 AVERAGE    96

..........................................................


THE SCOTTSBLUFF NE AIRPORT CLIMATE NORMALS FOR TODAY
                         NORMAL    RECORD    YEAR
 MAXIMUM TEMPERATURE (F)   62        87      1987
 MINIMUM TEMPERATURE (F)   32        16      2013


SUNRISE AND SUNSET
APRIL 18 2015.........SUNRISE   610 AM MDT   SUNSET   738 PM MDT
APRIL 19 2015.........SUNRISE   608 AM MDT   SUNSET   740 PM MDT


-  INDICATES NEGATIVE NUMBERS.
R  INDICATES RECORD WAS SET OR TIED.
MM INDICATES DATA IS MISSING.
T  INDICATES TRACE AMOUNT.




$$
