000
CDUS46 KBOI 020931
CLIBKE


CLIMATE REPORT
NATIONAL WEATHER SERVICE BOISE ID
331 AM MDT THU APR 2 2015


...................................

...THE BAKER OR CLIMATE SUMMARY FOR APRIL 1 2015...

CLIMATE NORMAL PERIOD 1981 TO 2010
CLIMATE RECORD PERIOD 1948 TO 2015


WEATHER ITEM   OBSERVED TIME   RECORD YEAR NORMAL DEPARTURE LAST
                VALUE   (LST)  VALUE       VALUE  FROM      YEAR
                                                  NORMAL
..................................................................
TEMPERATURE (F)
 YESTERDAY
  MAXIMUM         48   1219 PM  77    1966  55     -7       51
  MINIMUM         21    529 AM  18    2008  27     -6       33
                                      1976
  AVERAGE         35                        41     -6       42

PRECIPITATION (IN)
  YESTERDAY        T             0.61 2006   0.02  -0.02     0.04
  MONTH TO DATE    T                         0.02  -0.02     0.04
  SINCE OCT 1      3.82                      4.73  -0.91     3.94
  SINCE JAN 1      1.62                      2.22  -0.60     2.77

DEGREE DAYS
 HEATING
  YESTERDAY       30                        24      6       23
  MONTH TO DATE   30                        24      6       23
  SINCE MAR 1    732                       872   -140      778
  SINCE JUL 1   5408                      6392   -984     6304

 COOLING
  YESTERDAY        0                         0      0        0
  MONTH TO DATE    0                         0      0        0
  SINCE MAR 1      0                         0      0        0
  SINCE JAN 1      0                         0      0        0
..................................................................


WIND (MPH)
  RESULTANT WIND SPEED   2   RESULTANT WIND DIRECTION  NW (300)
  HIGHEST WIND SPEED    24   HIGHEST WIND DIRECTION    NW (320)
  HIGHEST GUST SPEED    30   HIGHEST GUST DIRECTION    NW (320)
  AVERAGE WIND SPEED     6.2


SKY COVER
  AVERAGE SKY COVER 0.3


WEATHER CONDITIONS
 THE FOLLOWING WEATHER WAS RECORDED YESTERDAY.
  LIGHT RAIN


RELATIVE HUMIDITY (PERCENT)
 HIGHEST    81           300 AM
 LOWEST     40          1000 AM
 AVERAGE    61

..........................................................


THE BAKER OR CLIMATE NORMALS FOR TODAY
                         NORMAL    RECORD    YEAR
 MAXIMUM TEMPERATURE (F)   55        78      1992
 MINIMUM TEMPERATURE (F)   28        17      2012
                                             2008
                                             1953


SUNRISE AND SUNSET
APRIL  2 2015.........SUNRISE   630 AM PDT   SUNSET   720 PM PDT
APRIL  3 2015.........SUNRISE   629 AM PDT   SUNSET   721 PM PDT


-  INDICATES NEGATIVE NUMBERS.
R  INDICATES RECORD WAS SET OR TIED.
MM INDICATES DATA IS MISSING.
T  INDICATES TRACE AMOUNT.




$$
