000
CDUS45 KBOI 210121
CLIBNO


CLIMATE REPORT
NATIONAL WEATHER SERVICE BOISE ID
721 PM MDT MON APR 20 2015


...................................

...THE BURNS OR CLIMATE SUMMARY FOR APRIL 20 2015...
VALID TODAY AS OF 0600 PM LOCAL TIME.

CLIMATE NORMAL PERIOD 1981 TO 2010
CLIMATE RECORD PERIOD 1938 TO 2015


WEATHER ITEM   OBSERVED TIME   RECORD YEAR NORMAL DEPARTURE LAST
                VALUE   (LST)  VALUE       VALUE  FROM      YEAR
                                                  NORMAL
..................................................................
TEMPERATURE (F)
 TODAY
  MAXIMUM         72    255 PM  79    2009  58     14       63
                                      1994
  MINIMUM         26    351 AM  13    2008  30     -4       22
  AVERAGE         49                        44      5       43

PRECIPITATION (IN)
  TODAY            0.00          0.28 2010   0.03  -0.03     0.00
  MONTH TO DATE    0.11                      0.62  -0.51     0.48
  SINCE OCT 1      6.71                      7.42  -0.71     4.89
  SINCE JAN 1      2.21                      3.92  -1.71     3.92

DEGREE DAYS
 HEATING
  TODAY           16                        21     -5       22
  MONTH TO DATE  483                       458     25      413
  SINCE MAR 1   1165                      1315   -150     1197
  SINCE JUL 1   5639                      6843  -1204     6480

 COOLING
  TODAY            0                         0      0        0
  MONTH TO DATE    0                         0      0        0
  SINCE MAR 1      0                         0      0        0
  SINCE JAN 1      0                         0      0        0
..................................................................


WIND (MPH)
  HIGHEST WIND SPEED    13   HIGHEST WIND DIRECTION     S (170)
  HIGHEST GUST SPEED    15   HIGHEST GUST DIRECTION     S (160)
  AVERAGE WIND SPEED     5.4



WEATHER CONDITIONS
 THE FOLLOWING WEATHER WAS RECORDED TODAY.
  NO SIGNIFICANT WEATHER WAS OBSERVED.


RELATIVE HUMIDITY (PERCENT)
 HIGHEST    69           300 AM
 LOWEST     14           400 PM
 AVERAGE    42

..........................................................


THE BURNS OR CLIMATE NORMALS FOR TOMORROW
                         NORMAL    RECORD    YEAR
 MAXIMUM TEMPERATURE (F)   58        83      2009
 MINIMUM TEMPERATURE (F)   30        11      2008


SUNRISE AND SUNSET
APRIL 20 2015.........SUNRISE   605 AM PDT   SUNSET   745 PM PDT
APRIL 21 2015.........SUNRISE   604 AM PDT   SUNSET   746 PM PDT


-  INDICATES NEGATIVE NUMBERS.
R  INDICATES RECORD WAS SET OR TIED.
MM INDICATES DATA IS MISSING.
T  INDICATES TRACE AMOUNT.




$$
