000
CDUS44 KLCH 250851
CLIBPT


CLIMATE REPORT
NATIONAL WEATHER SERVICE LAKE CHARLES, LA
351 AM CDT SAT APR 25 2015


...................................

...THE BEAUMONT PORT ARTHUR CLIMATE SUMMARY FOR APRIL 24 2015...

CLIMATE NORMAL PERIOD 1981 TO 2010
CLIMATE RECORD PERIOD 1901 TO 2015


WEATHER ITEM   OBSERVED TIME   RECORD YEAR NORMAL DEPARTURE LAST
                VALUE   (LST)  VALUE       VALUE  FROM      YEAR
                                                  NORMAL
..................................................................
TEMPERATURE (F)
 YESTERDAY
  MAXIMUM         86   1227 PM  90    1905  80      6       81
                                      1902
  MINIMUM         71    218 AM  47    1995  61     10       65
  AVERAGE         79                        70      9       73

PRECIPITATION (IN)
  YESTERDAY        T             2.48 1905   0.12  -0.12     0.00
  MONTH TO DATE    9.05                      2.46   6.59     1.98
  SINCE MAR 1     17.17                      5.99  11.18     4.27
  SINCE JAN 1     24.15                     14.83   9.32    10.99

SNOWFALL (IN)
  YESTERDAY        0.0           0.0    MM   0.0    0.0      0.0
  MONTH TO DATE    0.0                       0.0    0.0      0.0
  SINCE MAR 1      T                         0.0    0.0      0.0
  SINCE JUL 1      T                         T      0.0      0.3
  SNOW DEPTH       0

DEGREE DAYS
 HEATING
  YESTERDAY        0                         1     -1        0
  MONTH TO DATE    0                        39    -39       37
  SINCE MAR 1    103                       187    -84      241
  SINCE JUL 1   1360                      1400    -40     1710

 COOLING
  YESTERDAY       14                         6      8        8
  MONTH TO DATE  196                       105     91       95
  SINCE MAR 1    267                       160    107      118
  SINCE JAN 1    275                       186     89      142
..................................................................


WIND (MPH)
  HIGHEST WIND SPEED    20   HIGHEST WIND DIRECTION    SE (150)
  HIGHEST GUST SPEED    24   HIGHEST GUST DIRECTION     S (160)
  AVERAGE WIND SPEED     8.1


SKY COVER
  POSSIBLE SUNSHINE  MM
  AVERAGE SKY COVER 0.8


WEATHER CONDITIONS
 THE FOLLOWING WEATHER WAS RECORDED YESTERDAY.
  THUNDERSTORM
  LIGHT RAIN
  FOG
  HAZE


RELATIVE HUMIDITY (PERCENT)
 HIGHEST   100          1200 AM
 LOWEST     70          1200 PM
 AVERAGE    85

..........................................................


THE BEAUMONT PORT ARTHUR CLIMATE NORMALS FOR TODAY
                         NORMAL    RECORD    YEAR
 MAXIMUM TEMPERATURE (F)   80        91      1932
 MINIMUM TEMPERATURE (F)   62        37      1910


SUNRISE AND SUNSET
APRIL 25 2015.........SUNRISE   639 AM CDT   SUNSET   749 PM CDT
APRIL 26 2015.........SUNRISE   638 AM CDT   SUNSET   750 PM CDT


-  INDICATES NEGATIVE NUMBERS.
R  INDICATES RECORD WAS SET OR TIED.
MM INDICATES DATA IS MISSING.
T  INDICATES TRACE AMOUNT.




$$
