000
CDUS43 KDVN 260914
CLIBRL


CLIMATE REPORT
NATIONAL WEATHER SERVICE QUAD CITIES IA IL
413 AM CDT SUN APR 26 2015


...................................

...THE BURLINGTON IA CLIMATE SUMMARY FOR APRIL 25 2015...

CLIMATE NORMAL PERIOD 1981 TO 2010
CLIMATE RECORD PERIOD 1897 TO 2015


WEATHER ITEM   OBSERVED TIME   RECORD YEAR NORMAL DEPARTURE LAST
                VALUE   (LST)  VALUE       VALUE  FROM      YEAR
                                                  NORMAL
..................................................................
TEMPERATURE (F)
 YESTERDAY
  MAXIMUM         54    132 AM  92    1986  68    -14       76
  MINIMUM         45   1159 PM  29    1910  46     -1       43
  AVERAGE         50                        57     -7       60

PRECIPITATION (IN)
  YESTERDAY        0.42         MM      MM   0.14   0.28     0.00
  MONTH TO DATE    1.60                      3.00  -1.40     2.58
  SINCE MAR 1      1.90                      5.79  -3.89     3.75
  SINCE JAN 1      4.32                      8.65  -4.33     8.12

DEGREE DAYS
 HEATING
  YESTERDAY       15                         9      6        5
  MONTH TO DATE  246                       317    -71      354
  SINCE MAR 1   1012                      1045    -33     1319
  SINCE JUL 1   5943                      5423    520     6642

 COOLING
  YESTERDAY        0                         1     -1        0
  MONTH TO DATE    3                        15    -12        8
  SINCE MAR 1      3                        17    -14        8
  SINCE JAN 1      3                        17    -14        8
..................................................................


WIND (MPH)
  HIGHEST WIND SPEED    24   HIGHEST WIND DIRECTION     E (70)
  HIGHEST GUST SPEED    32   HIGHEST GUST DIRECTION     E (90)
  AVERAGE WIND SPEED    13.8


SKY COVER
  POSSIBLE SUNSHINE  MM
  AVERAGE SKY COVER 1.0


WEATHER CONDITIONS
 THE FOLLOWING WEATHER WAS RECORDED YESTERDAY.
  HEAVY RAIN
  RAIN
  LIGHT RAIN
  FOG
  HAZE


RELATIVE HUMIDITY (PERCENT)
 HIGHEST   100           900 AM
 LOWEST     54          1200 AM
 AVERAGE    77

..........................................................


THE BURLINGTON IA CLIMATE NORMALS FOR TODAY
                         NORMAL    RECORD    YEAR
 MAXIMUM TEMPERATURE (F)   68        92      1986
 MINIMUM TEMPERATURE (F)   46        31      1976
                                             1950


SUNRISE AND SUNSET
APRIL 26 2015.........SUNRISE   610 AM CDT   SUNSET   755 PM CDT
APRIL 27 2015.........SUNRISE   609 AM CDT   SUNSET   756 PM CDT


-  INDICATES NEGATIVE NUMBERS.
R  INDICATES RECORD WAS SET OR TIED.
MM INDICATES DATA IS MISSING.
T  INDICATES TRACE AMOUNT.




$$
