000
CDUS45 KMSO 190737
CLIBTM


CLIMATE REPORT
NATIONAL WEATHER SERVICE MISSOULA, MT
137 AM MDT SUN APR 19 2015


...................................

...THE BUTTE MT CLIMATE SUMMARY FOR APRIL 18 2015...

CLIMATE NORMAL PERIOD 1981 TO 2010
CLIMATE RECORD PERIOD 1895 TO 2015


WEATHER ITEM   OBSERVED TIME   RECORD YEAR NORMAL DEPARTURE LAST
                VALUE   (LST)  VALUE       VALUE  FROM      YEAR
                                                  NORMAL
..................................................................
TEMPERATURE (F)
 YESTERDAY
  MAXIMUM         57    220 PM  75    1936  52      5       51
  MINIMUM         27    632 AM   6    1941  27      0       26
  AVERAGE         42                        39      3       39

PRECIPITATION (IN)
  YESTERDAY        0.00          0.40 1911   0.04  -0.04     0.21
                                      1911
                                      2007
  MONTH TO DATE    0.28                      0.66  -0.38     0.21
  SINCE OCT 1      3.38                      4.21  -0.83     3.36
  SINCE JAN 1      0.99                      2.32  -1.33     2.32

SNOWFALL (IN)
  YESTERDAY        0.0
  MONTH TO DATE    0.0
  SINCE JAN 1      0.0
  SINCE JUL 1      0.0
  SNOW DEPTH       0

DEGREE DAYS
 HEATING
  YESTERDAY       23                        26     -3       26
  MONTH TO DATE  524                       495     29      481
  SINCE MAR 1   1372                      1537   -165     1549
  SINCE JUL 1   7253                      8106   -853     7927

 COOLING
  YESTERDAY        0                         0      0        0
  MONTH TO DATE    0                         0      0        0
  SINCE MAR 1      0                         0      0        0
  SINCE JAN 1      0                         0      0        0
..................................................................


WIND (MPH)
  HIGHEST WIND SPEED    21   HIGHEST WIND DIRECTION    SE (140)
  HIGHEST GUST SPEED    30   HIGHEST GUST DIRECTION    NW (320)
  AVERAGE WIND SPEED     6.9


SKY COVER
  POSSIBLE SUNSHINE  MM
  AVERAGE SKY COVER 0.2


WEATHER CONDITIONS
 THE FOLLOWING WEATHER WAS RECORDED YESTERDAY.
  NO SIGNIFICANT WEATHER WAS OBSERVED.


RELATIVE HUMIDITY (PERCENT)
 HIGHEST    84           600 AM
 LOWEST     27          1200 PM
 AVERAGE    56

..........................................................


THE BUTTE MT CLIMATE NORMALS FOR TODAY
                         NORMAL    RECORD    YEAR
 MAXIMUM TEMPERATURE (F)   53        78      1962
 MINIMUM TEMPERATURE (F)   27        -3      1941


SUNRISE AND SUNSET
APRIL 19 2015.........SUNRISE   637 AM MDT   SUNSET   822 PM MDT
APRIL 20 2015.........SUNRISE   635 AM MDT   SUNSET   823 PM MDT


-  INDICATES NEGATIVE NUMBERS.
R  INDICATES RECORD WAS SET OR TIED.
MM INDICATES DATA IS MISSING.
T  INDICATES TRACE AMOUNT.




$$
