000
CDUS45 KPIH 052355
CLIBYI


CLIMATE REPORT
NATIONAL WEATHER SERVICE POCATELLO ID
552 PM MDT TUE MAY 5 2015


...................................

...THE BURLEY ID CLIMATE SUMMARY FOR MAY 5 2015...
VALID TODAY AS OF 0500 PM LOCAL TIME.

CLIMATE NORMAL PERIOD 1981 TO 2010
CLIMATE RECORD PERIOD 1948 TO 2015


WEATHER ITEM   OBSERVED TIME   RECORD YEAR NORMAL DEPARTURE LAST
                VALUE   (LST)  VALUE       VALUE  FROM      YEAR
                                                  NORMAL
..................................................................
TEMPERATURE (F)
 TODAY
  MAXIMUM         71    315 PM  88    1992  64      7       62
  MINIMUM         44    548 AM  22    1982  38      6       46
  AVERAGE         58                        51      7       54

PRECIPITATION (IN)
  TODAY            T             1.15 1973   0.05  -0.05     0.00
  MONTH TO DATE    T                         0.25  -0.25     0.00
  SINCE OCT 1      3.57                      6.88  -3.31     5.17
  SINCE JAN 1      1.52                      4.05  -2.53     4.56

SNOWFALL (IN)
  TODAY           MM
  MONTH TO DATE   MM
  SINCE MAR 1     MM
  SINCE JUL 1     MM
  SNOW DEPTH      MM

DEGREE DAYS
 HEATING
  TODAY            7                        14     -7       11
  MONTH TO DATE   35                        73    -38       34
  SINCE MAR 1   1158                      1439   -281     1278
  SINCE JUL 1   5135                      6461  -1326     5973

 COOLING
  TODAY            0                         0      0        0
  MONTH TO DATE    0                         0      0        0
  SINCE MAR 1      0                         0      0        0
  SINCE JAN 1      0                         0      0        0
..................................................................


WIND (MPH)
  HIGHEST WIND SPEED    22   HIGHEST WIND DIRECTION     W (260)
  HIGHEST GUST SPEED    31   HIGHEST GUST DIRECTION     W (270)
  AVERAGE WIND SPEED     8.1


SKY COVER
  POSSIBLE SUNSHINE  MM
  AVERAGE SKY COVER 0.0


WEATHER CONDITIONS
 THE FOLLOWING WEATHER WAS RECORDED TODAY.
  LIGHT RAIN


RELATIVE HUMIDITY (PERCENT)
 HIGHEST    83           600 AM
 LOWEST     20           400 PM
 AVERAGE    52

..........................................................


THE BURLEY ID CLIMATE NORMALS FOR TOMORROW
                         NORMAL    RECORD    YEAR
 MAXIMUM TEMPERATURE (F)   64        89      1992
 MINIMUM TEMPERATURE (F)   39        22      1964


SUNRISE AND SUNSET
MAY  5 2015...........SUNRISE   625 AM MDT   SUNSET   839 PM MDT
MAY  6 2015...........SUNRISE   624 AM MDT   SUNSET   840 PM MDT


-  INDICATES NEGATIVE NUMBERS.
R  INDICATES RECORD WAS SET OR TIED.
MM INDICATES DATA IS MISSING.
T  INDICATES TRACE AMOUNT.




$$
