000
CDUS42 KCAE 050544
CLICAE


CLIMATE REPORT
NATIONAL WEATHER SERVICE COLUMBIA SC
143 AM EDT TUE MAY 5 2015


...................................

...THE COLUMBIA METRO AIRPORT SC CLIMATE SUMMARY FOR MAY 4 2015...

CLIMATE NORMAL PERIOD 1981 TO 2010
CLIMATE RECORD PERIOD 1887 TO 2015


WEATHER ITEM   OBSERVED TIME   RECORD YEAR NORMAL DEPARTURE LAST
                VALUE   (LST)  VALUE       VALUE  FROM      YEAR
                                                  NORMAL
..................................................................
TEMPERATURE (F)
 YESTERDAY
  MAXIMUM         84    439 PM  93    1959  81      3       89
                                      1950
                                      1913
  MINIMUM         54    614 AM  36    1986  56     -2       51
                                      1971
  AVERAGE         69                        68      1       70

PRECIPITATION (IN)
  YESTERDAY        0.00          1.96 1957   0.09  -0.09     0.00
  MONTH TO DATE    T                         0.37  -0.37     0.02
  SINCE MAR 1      6.81                      6.72   0.09     6.94
  SINCE JAN 1     14.17                     13.91   0.26    13.26

SNOWFALL (IN)
  YESTERDAY        0.0          MM      MM   0.0             0.0
  MONTH TO DATE    0.0                       0.0             0.0
  SINCE MAR 1      0.0                       0.1             0.0
  SINCE JUL 1      T                         1.5             4.2

DEGREE DAYS
 HEATING
  YESTERDAY        0                         1     -1        0
  MONTH TO DATE    6                         6      0        2
  SINCE MAR 1    274                       438   -164      468
  SINCE JUL 1   2463                      2537    -74     2552

 COOLING
  YESTERDAY        4                         5     -1        5
  MONTH TO DATE    5                        17    -12       10
  SINCE MAR 1    148                       108     40      111
  SINCE JAN 1    148                       112     36      118
..................................................................


WIND (MPH)
  HIGHEST WIND SPEED    16   HIGHEST WIND DIRECTION    SE (150)
  HIGHEST GUST SPEED    21   HIGHEST GUST DIRECTION    SE (140)
  AVERAGE WIND SPEED     3.5


SKY COVER
  AVERAGE SKY COVER 0.2


WEATHER CONDITIONS
 THE FOLLOWING WEATHER WAS RECORDED YESTERDAY.
  NO SIGNIFICANT WEATHER WAS OBSERVED.


RELATIVE HUMIDITY (PERCENT)
 HIGHEST    86           700 AM
 LOWEST     28           400 PM
 AVERAGE    57

..........................................................


THE COLUMBIA METRO AIRPORT SC CLIMATE NORMALS FOR TODAY
                         NORMAL    RECORD    YEAR
 MAXIMUM TEMPERATURE (F)   81        95      2014
                                             2012
                                             1955
 MINIMUM TEMPERATURE (F)   56        38      1973


SUNRISE AND SUNSET
MAY  5 2015...........SUNRISE   632 AM EDT   SUNSET   811 PM EDT
MAY  6 2015...........SUNRISE   631 AM EDT   SUNSET   812 PM EDT


-  INDICATES NEGATIVE NUMBERS.
R  INDICATES RECORD WAS SET OR TIED.
MM INDICATES DATA IS MISSING.
T  INDICATES TRACE AMOUNT.




$$
