000
CDUS45 KABQ 020827
CLICAO


CLIMATE REPORT
NATIONAL WEATHER SERVICE ALBUQUERQUE NM
226 AM MDT THU APR 2 2015


...................................

...THE CLAYTON  NM CLIMATE SUMMARY FOR APRIL 1 2015...

CLIMATE NORMAL PERIOD 1981 TO 2010
CLIMATE RECORD PERIOD 1896 TO 2015


WEATHER ITEM   OBSERVED TIME   RECORD YEAR NORMAL DEPARTURE
                VALUE   (LST)  VALUE       VALUE  FROM
                                                  NORMAL
...............................................................
TEMPERATURE (F)
 YESTERDAY
  MAXIMUM         80    319 PM  86    2012  63     17
  MINIMUM         47    541 AM   8    1936  34     13
  AVERAGE         64                        48     16

PRECIPITATION (IN)
  YESTERDAY        0.00          0.94 1944   0.03  -0.03
  MONTH TO DATE    0.00                      0.03  -0.03
  SINCE MAR 1      0.41                      0.98  -0.57
  SINCE JAN 1      3.43                      1.60   1.83

SNOWFALL (IN)
  YESTERDAY        0.0
  MONTH TO DATE    0.0
  SINCE MAR 1      0.9
  SINCE JUL 1     26.1

DEGREE DAYS
 HEATING
  YESTERDAY        1                        17    -16
  MONTH TO DATE    1                        17    -16
  SINCE MAR 1    508                       661   -153
  SINCE JUL 1   3951                      4338   -387

 COOLING
  YESTERDAY        0                         0      0
  MONTH TO DATE    0                         0      0
  SINCE MAR 1      0                         1     -1
  SINCE JAN 1      0                         1     -1
...............................................................


WIND (MPH)
  HIGHEST WIND SPEED    29   HIGHEST WIND DIRECTION     W (250)
  HIGHEST GUST SPEED    38   HIGHEST GUST DIRECTION    SW (240)
  AVERAGE WIND SPEED    16.1


SKY COVER
  AVERAGE SKY COVER 0.0


WEATHER CONDITIONS
 THE FOLLOWING WEATHER WAS RECORDED YESTERDAY.
  HAZE


RELATIVE HUMIDITY (PERCENT)
 HIGHEST    39           500 AM
 LOWEST     10           300 PM
 AVERAGE    25

..........................................................


THE CLAYTON  NM CLIMATE NORMALS FOR TODAY
                         NORMAL    RECORD    YEAR
 MAXIMUM TEMPERATURE (F)   63        86      2011
 MINIMUM TEMPERATURE (F)   34        16      1975


SUNRISE AND SUNSET
APRIL  2 2015.........SUNRISE   638 AM MDT   SUNSET   715 PM MDT
APRIL  3 2015.........SUNRISE   636 AM MDT   SUNSET   716 PM MDT


-  INDICATES NEGATIVE NUMBERS.
R  INDICATES RECORD WAS SET OR TIED.
MM INDICATES DATA IS MISSING.
T  INDICATES TRACE AMOUNT.

$$
