000
CDUS45 KSLC 031233
CLICDC


CLIMATE REPORT
NATIONAL WEATHER SERVICE SALT LAKE CITY UT
633 AM MDT SUN MAY 3 2015


...................................

...THE CEDAR CITY UT CLIMATE SUMMARY FOR MAY 2 2015...

CLIMATE NORMAL PERIOD 1981 TO 2010
CLIMATE RECORD PERIOD 1928 TO 2015


WEATHER ITEM   OBSERVED TIME   RECORD YEAR NORMAL DEPARTURE LAST
                VALUE   (LST)  VALUE       VALUE  FROM      YEAR
                                                  NORMAL
..................................................................
TEMPERATURE (F)
 YESTERDAY
  MAXIMUM         78    105 PM  82    2000  67     11       78
                                      1976
  MINIMUM         42    556 AM  18    2008  36      6       33
  AVERAGE         60                        52      8       56

PRECIPITATION (IN)
  YESTERDAY        0.00          0.42 2005   0.03  -0.03     0.00
  MONTH TO DATE    0.00                      0.06  -0.06     0.00
  SINCE OCT 1      5.82                      7.44  -1.62     3.99
  SINCE JAN 1      3.69                      4.33  -0.64     2.05

DEGREE DAYS
 HEATING
  YESTERDAY        5                        13     -8        9
  MONTH TO DATE   10                        27    -17       25
  SINCE MAR 1   1178                      1351   -173     1259
  SINCE JUL 1   5016                      5913   -897     5846

 COOLING
  YESTERDAY        0                         0      0        0
  MONTH TO DATE    0                         0      0        0
  SINCE MAR 1      0                         0      0        0
  SINCE JAN 1      0                         0      0        0
..................................................................


WIND (MPH)
  RESULTANT WIND SPEED   6   RESULTANT WIND DIRECTION  SW (210)
  HIGHEST WIND SPEED    26   HIGHEST WIND DIRECTION    SW (220)
  HIGHEST GUST SPEED    36   HIGHEST GUST DIRECTION    SW (220)
  AVERAGE WIND SPEED     8.4



WEATHER CONDITIONS
 THE FOLLOWING WEATHER WAS RECORDED YESTERDAY.
  NO SIGNIFICANT WEATHER WAS OBSERVED.


RELATIVE HUMIDITY (PERCENT)
 HIGHEST    53           600 AM
 LOWEST     11           500 PM
 AVERAGE    32

..........................................................


THE CEDAR CITY UT CLIMATE NORMALS FOR TODAY
                         NORMAL    RECORD    YEAR
 MAXIMUM TEMPERATURE (F)   67        84      2004
 MINIMUM TEMPERATURE (F)   36        23      1967


SUNRISE AND SUNSET
MAY  3 2015...........SUNRISE   635 AM MDT   SUNSET   824 PM MDT
MAY  4 2015...........SUNRISE   634 AM MDT   SUNSET   825 PM MDT


-  INDICATES NEGATIVE NUMBERS.
R  INDICATES RECORD WAS SET OR TIED.
MM INDICATES DATA IS MISSING.
T  INDICATES TRACE AMOUNT.




$$
