000
CDUS41 KLWX 190522
CLICHO


CLIMATE REPORT
NATIONAL WEATHER SERVICE BALTIMORE MD/WASHINGTON DC
122 AM EDT SUN APR 19 2015


...................................

...THE CHARLOTTESVILLE VA CLIMATE SUMMARY FOR APRIL 18 2015...

CLIMATE NORMAL PERIOD 1981 TO 2010
CLIMATE RECORD PERIOD 1889 TO 2015


WEATHER ITEM   OBSERVED TIME   RECORD YEAR NORMAL DEPARTURE LAST
                VALUE   (LST)  VALUE       VALUE  FROM      YEAR
                                                  NORMAL
..................................................................
TEMPERATURE (F)
 YESTERDAY
  MAXIMUM         79    338 PM  MM      MM  68     11       58
  MINIMUM         54    615 AM  MM      MM  44     10       36
  AVERAGE         67                        56     11       47

PRECIPITATION (IN)
  YESTERDAY        0.00                      0.11  -0.11     0.00
  MONTH TO DATE    2.17                      2.03   0.14     2.20
  SINCE MAR 1      5.68                      5.69  -0.01     4.69
  SINCE JAN 1      8.34                     11.16  -2.82     9.78

DEGREE DAYS
 HEATING
  YESTERDAY        0                        10    -10       18
  MONTH TO DATE  130                       212    -82      188
  SINCE MAR 1    737                       804    -67      915
  SINCE JUL 1   4252                      4216     36     4424

 COOLING
  YESTERDAY        2                         1      1        0
  MONTH TO DATE    7                        10     -3        9
  SINCE MAR 1      7                        12     -5        9
  SINCE JAN 1      7                        12     -5        9
..................................................................


WIND (MPH)
  HIGHEST WIND SPEED    12   HIGHEST WIND DIRECTION     E (110)
  HIGHEST GUST SPEED    14   HIGHEST GUST DIRECTION    SE (120)
  AVERAGE WIND SPEED     2.7


SKY COVER
  POSSIBLE SUNSHINE  MM
  AVERAGE SKY COVER 0.2


WEATHER CONDITIONS
 THE FOLLOWING WEATHER WAS RECORDED YESTERDAY.
  FOG
  FOG W/VISIBILITY <= 1/4 MILE


RELATIVE HUMIDITY (PERCENT)
 HIGHEST   100          1200 AM
 LOWEST     32           300 PM
 AVERAGE    66

..........................................................


THE CHARLOTTESVILLE VA CLIMATE NORMALS FOR TODAY
                         NORMAL    RECORD    YEAR
 MAXIMUM TEMPERATURE (F)   69        MM        MM
 MINIMUM TEMPERATURE (F)   44        MM        MM


SUNRISE AND SUNSET
APRIL 19 2015.........SUNRISE   633 AM EDT   SUNSET   753 PM EDT
APRIL 20 2015.........SUNRISE   632 AM EDT   SUNSET   754 PM EDT


-  INDICATES NEGATIVE NUMBERS.
R  INDICATES RECORD WAS SET OR TIED.
MM INDICATES DATA IS MISSING.
T  INDICATES TRACE AMOUNT.




$$
