000
CDUS41 KCLE 180528
CLICLE


CLIMATE REPORT
NATIONAL WEATHER SERVICE CLEVELAND OH
126 AM EDT SAT APR 18 2015


...................................

...THE CLEVELAND OH CLIMATE SUMMARY FOR APRIL 17 2015...

CLIMATE NORMAL PERIOD 1981 TO 2010
CLIMATE RECORD PERIOD 1871 TO 2015


WEATHER ITEM   OBSERVED TIME   RECORD YEAR NORMAL DEPARTURE LAST
                VALUE   (LST)  VALUE       VALUE  FROM      YEAR
                                                  NORMAL
..................................................................
TEMPERATURE (F)
 YESTERDAY
  MAXIMUM         69    440 PM  84    1896  60      9       66
  MINIMUM         53   1159 PM  15    1875  41     12       39
  AVERAGE         61                        50     11       53

PRECIPITATION (IN)
  YESTERDAY        0.13                      0.12   0.01     0.00
  MONTH TO DATE    2.27                      2.07   0.20     3.52
  SINCE MAR 1      4.24                      5.00  -0.76     5.72
  SINCE JAN 1      9.04                     10.06  -1.02    10.75

SNOWFALL (IN)
  YESTERDAY        0.0                       0.1   -0.1      0.0
  MONTH TO DATE    0.1                       2.8   -2.7      1.3
  SINCE MAR 1      4.9                      15.4  -10.5     16.4
  SINCE JUL 1     66.3                      67.6   -1.3     86.1
  SNOW DEPTH       0

DEGREE DAYS
 HEATING
  YESTERDAY        4                        15    -11       12
  MONTH TO DATE  220                       304    -84      264
  SINCE MAR 1   1175                      1130     45     1273
  SINCE JUL 1   6125                      5347    778     5954

 COOLING
  YESTERDAY        0                         0      0        0
  MONTH TO DATE    1                         0      1        6
  SINCE MAR 1      1                         1      0        6
  SINCE JAN 1      1                         1      0        6
..................................................................


WIND (MPH)
  HIGHEST WIND SPEED    13   HIGHEST WIND DIRECTION     N (350)
  HIGHEST GUST SPEED    14   HIGHEST GUST DIRECTION     N (350)
  AVERAGE WIND SPEED     5.3


SKY COVER
  POSSIBLE SUNSHINE  MM
  AVERAGE SKY COVER 0.5


WEATHER CONDITIONS
 THE FOLLOWING WEATHER WAS RECORDED YESTERDAY.
  HEAVY RAIN
  RAIN
  LIGHT RAIN
  FOG
  HAZE


RELATIVE HUMIDITY (PERCENT)
 HIGHEST   100           400 AM
 LOWEST     53           500 PM
 AVERAGE    77

..........................................................


THE CLEVELAND OH CLIMATE NORMALS FOR TODAY
                         NORMAL    RECORD    YEAR
 MAXIMUM TEMPERATURE (F)   60        85      1896
 MINIMUM TEMPERATURE (F)   41        17      1875


SUNRISE AND SUNSET
APRIL 18 2015.........SUNRISE   644 AM EDT   SUNSET   811 PM EDT
APRIL 19 2015.........SUNRISE   642 AM EDT   SUNSET   812 PM EDT


-  INDICATES NEGATIVE NUMBERS.
R  INDICATES RECORD WAS SET OR TIED.
MM INDICATES DATA IS MISSING.
T  INDICATES TRACE AMOUNT.




$$
