000
CDUS41 KGYX 182044
CLICON


CLIMATE REPORT
NATIONAL WEATHER SERVICE GRAY ME
444 PM EDT SAT APR 18 2015


...................................

...THE CONCORD NH CLIMATE SUMMARY FOR APRIL 18 2015...
VALID TODAY AS OF 0400 PM LOCAL TIME.

CLIMATE NORMAL PERIOD 1981 TO 2010
CLIMATE RECORD PERIOD 1868 TO 2015


WEATHER ITEM   OBSERVED TIME   RECORD YEAR NORMAL DEPARTURE LAST
                VALUE   (LST)  VALUE       VALUE  FROM      YEAR
                                                  NORMAL
..................................................................
TEMPERATURE (F)
 TODAY
  MAXIMUM         66   1144 AM  92    1976  59      7       47
  MINIMUM         36    520 AM  18    1874  34      2       19
  AVERAGE         51                        46      5       33

PRECIPITATION (IN)
  TODAY            0.00          1.27 1997   0.12  -0.12     0.00
  MONTH TO DATE    0.94                      2.07  -1.13     1.84
  SINCE MAR 1      2.42                      5.34  -2.92     5.82
  SINCE JAN 1      8.48                     10.66  -2.18    13.14

SNOWFALL (IN)
  TODAY            0.0           4.0  1887   0.1   -0.1      0.0
  MONTH TO DATE    2.1                       2.4   -0.3      0.2
  SINCE MAR 1      7.9                      13.5   -5.6     10.6
  SINCE JUL 1     92.1                      61.0   31.1     80.4
  SNOW DEPTH       0

DEGREE DAYS
 HEATING
  TODAY           14                        19     -5       32
  MONTH TO DATE  395                       402     -7      397
  SINCE MAR 1   1543                      1389    154     1611
  SINCE JUL 1   6997                      6649    348     7080

 COOLING
  TODAY            0                         0      0        0
  MONTH TO DATE    0                         0      0        0
  SINCE MAR 1      0                         0      0        0
  SINCE JAN 1      0                         0      0        0
..................................................................


WIND (MPH)
  HIGHEST WIND SPEED    15   HIGHEST WIND DIRECTION    SE (140)
  HIGHEST GUST SPEED    21   HIGHEST GUST DIRECTION    SE (120)
  AVERAGE WIND SPEED     3.2


SKY COVER
  POSSIBLE SUNSHINE  MM
  AVERAGE SKY COVER 0.3


WEATHER CONDITIONS
 THE FOLLOWING WEATHER WAS RECORDED TODAY.
  FOG


RELATIVE HUMIDITY (PERCENT)
 HIGHEST    96           700 AM
 LOWEST     39           100 PM
 AVERAGE    68

..........................................................


THE CONCORD NH CLIMATE NORMALS FOR TOMORROW
                         NORMAL    RECORD    YEAR
 MAXIMUM TEMPERATURE (F)   59        95      1976
 MINIMUM TEMPERATURE (F)   34        16      1875


SUNRISE AND SUNSET
APRIL 18 2015.........SUNRISE   600 AM EDT   SUNSET   732 PM EDT
APRIL 19 2015.........SUNRISE   558 AM EDT   SUNSET   733 PM EDT


-  INDICATES NEGATIVE NUMBERS.
R  INDICATES RECORD WAS SET OR TIED.
MM INDICATES DATA IS MISSING.
T  INDICATES TRACE AMOUNT.




$$
