000
CDUS46 KLOX 272210
CLICQT


CLIMATE REPORT
NATIONAL WEATHER SERVICE LOS ANGELES/OXNARD CA
310 PM PDT MON APR 27 2015


...................................

...THE DOWNTOWN LOS ANGELES (USC) CA CLIMATE SUMMARY FOR APRIL 27 2015...
VALID AS OF 0300 PM LOCAL TIME.

CLIMATE NORMAL PERIOD 1981 TO 2010
CLIMATE RECORD PERIOD 1877 TO 2015


WEATHER ITEM   OBSERVED TIME   RECORD YEAR NORMAL DEPARTURE LAST
                VALUE   (LST)  VALUE       VALUE  FROM      YEAR
                                                  NORMAL
..................................................................
TEMPERATURE (F)
 TODAY
  MAXIMUM         82   1150 AM 102    2004  74      8       71
  MINIMUM         57    519 AM  41    1900  55      2       55
  AVERAGE         70                        64      6       63

PRECIPITATION (IN)
  TODAY            0.00          0.82 1960   0.02  -0.02     0.00
  MONTH TO DATE    0.13                      0.84  -0.71     0.35
  SINCE OCT 1      7.53                     14.22  -6.69     5.99
  SINCE JAN 1      2.92                     10.19  -7.27     5.11

SNOWFALL (IN)
  TODAY            0.0
  MONTH TO DATE    0.0
  SINCE MAR 1      0.0
  SINCE JUL 1      0.0

DEGREE DAYS
 HEATING
  TODAY            0                         3     -3        2
  MONTH TO DATE   37                        93    -56       52
  SINCE MAR 1     66                       250   -184      115
  SINCE JUL 1    429                      1025   -596      592

 COOLING
  TODAY            5                         2      3        0
  MONTH TO DATE   41                        37      4       32
  SINCE MAR 1    178                        57    121       61
  SINCE JAN 1    235                        80    155       84
..................................................................


WIND (MPH)
  HIGHEST WIND SPEED    10   HIGHEST WIND DIRECTION     W (270)
  HIGHEST GUST SPEED    17   HIGHEST GUST DIRECTION     W (270)
  AVERAGE WIND SPEED     2.4


SKY COVER
  POSSIBLE SUNSHINE  MM
  AVERAGE SKY COVER 0.0


WEATHER CONDITIONS
 THE FOLLOWING WEATHER WAS RECORDED TODAY.
  HAZE


RELATIVE HUMIDITY (PERCENT)
 HIGHEST    80           400 AM
 LOWEST     24          1100 AM
 AVERAGE    52

..........................................................


THE DOWNTOWN LOS ANGELES (USC) CA CLIMATE NORMALS FOR TOMORROW
                         NORMAL    RECORD    YEAR
 MAXIMUM TEMPERATURE (F)   74        96      2008
 MINIMUM TEMPERATURE (F)   55        41      1900
                                             1894


SUNRISE AND SUNSET
APRIL 27 2015.........SUNRISE   608 AM PDT   SUNSET   734 PM PDT
APRIL 28 2015.........SUNRISE   607 AM PDT   SUNSET   734 PM PDT


-  INDICATES NEGATIVE NUMBERS.
R  INDICATES RECORD WAS SET OR TIED.
MM INDICATES DATA IS MISSING.
T  INDICATES TRACE AMOUNT.




$$
