000
CDUS42 KILM 032041
CLICRE


CLIMATE REPORT
NATIONAL WEATHER SERVICE WILMINGTON NC
440 PM EDT SUN MAY 3 2015


...................................

...THE NORTH MYRTLE BEACH SC CLIMATE SUMMARY FOR MAY 3 2015...
VALID TODAY AS OF 0400 PM LOCAL TIME.

CLIMATE NORMAL PERIOD 1981 TO 2010
CLIMATE RECORD PERIOD 1949 TO 2015


WEATHER ITEM   OBSERVED TIME   RECORD YEAR NORMAL DEPARTURE LAST
                VALUE   (LST)  VALUE       VALUE  FROM      YEAR
                                                  NORMAL
..................................................................
TEMPERATURE (F)
 TODAY
  MAXIMUM         74    148 PM  87    2002  76     -2       79
                                      1991
  MINIMUM         53    558 AM  48    1995  57     -4       60
  AVERAGE         64                        66     -2       70

PRECIPITATION (IN)
  TODAY            0.00                      0.10  -0.10      T
  MONTH TO DATE    T                         0.29  -0.29      T
  SINCE MAR 1      6.07                      7.17  -1.10     7.27
  SINCE JAN 1     13.26                     14.28  -1.02    11.39

DEGREE DAYS
 HEATING
  TODAY            1                         2     -1        0
  MONTH TO DATE    8                         6      2        0
  SINCE MAR 1    363                       485   -122      553
  SINCE JUL 1   2418                      2429    -11     2577

 COOLING
  TODAY            0                         3     -3        5
  MONTH TO DATE    0                         9     -9       15
  SINCE MAR 1     52                        51      1       57
  SINCE JAN 1     53                        51      2       57
..................................................................


WIND (MPH)
  HIGHEST WIND SPEED    15   HIGHEST WIND DIRECTION     S (160)
  HIGHEST GUST SPEED    18   HIGHEST GUST DIRECTION     S (160)
  AVERAGE WIND SPEED     4.7


SKY COVER
  POSSIBLE SUNSHINE  MM
  AVERAGE SKY COVER 0.3


WEATHER CONDITIONS
 THE FOLLOWING WEATHER WAS RECORDED TODAY.
  FOG
  FOG W/VISIBILITY <= 1/4 MILE


RELATIVE HUMIDITY (PERCENT)
 HIGHEST   100           100 AM
 LOWEST     61          1100 AM
 AVERAGE    81

..........................................................


THE NORTH MYRTLE BEACH SC CLIMATE NORMALS FOR TOMORROW
                         NORMAL    RECORD    YEAR
 MAXIMUM TEMPERATURE (F)   76        87      1949
 MINIMUM TEMPERATURE (F)   57        45      2004


SUNRISE AND SUNSET
MAY  3 2015...........SUNRISE   624 AM EDT   SUNSET   800 PM EDT
MAY  4 2015...........SUNRISE   623 AM EDT   SUNSET   800 PM EDT


-  INDICATES NEGATIVE NUMBERS.
R  INDICATES RECORD WAS SET OR TIED.
MM INDICATES DATA IS MISSING.
T  INDICATES TRACE AMOUNT.




$$
