000
CDUS44 KCRP 020036
CLICRP

CLIMATE REPORT
NATIONAL WEATHER SERVICE CORPUS CHRISTI TX
736 PM CDT WED APR 1 2015


...................................

...THE CORPUS CHRISTI CLIMATE SUMMARY FOR APRIL 1 2015...
VALID TODAY AS OF 0500 PM LOCAL TIME.

CLIMATE NORMAL PERIOD 1981 TO 2010
CLIMATE RECORD PERIOD 1887 TO 2015


WEATHER ITEM   OBSERVED TIME   RECORD YEAR NORMAL DEPARTURE LAST
                VALUE   (LST)  VALUE       VALUE  FROM      YEAR
                                                  NORMAL
..................................................................
TEMPERATURE (F)
 TODAY
  MAXIMUM         81    111 PM  92    1983  79      2       82
                                      1974
  MINIMUM         69   1258 AM  40    1962  60      9       70
  AVERAGE         75                        69      6       76

PRECIPITATION (IN)
  TODAY            T             0.83 1945   0.05  -0.05      T
  MONTH TO DATE    T                         0.05  -0.05      T
  SINCE MAR 1      6.13                      1.94   4.19     1.65
  SINCE JAN 1      9.58                      5.41   4.17     2.56

SNOWFALL (IN)
  TODAY            0.0
  MONTH TO DATE    0.0
  SINCE MAR 1      0.0
  SINCE JUL 1      0.0
  SNOW DEPTH       0

DEGREE DAYS
 HEATING
  TODAY            0                         1     -1        0
  MONTH TO DATE    0                         1     -1        0
  SINCE MAR 1    116                        82     34      132
  SINCE JUL 1   1053                       882    171     1131

 COOLING
  TODAY           10                         6      4       11
  MONTH TO DATE   10                         6      4       11
  SINCE MAR 1     85                       121    -36       95
  SINCE JAN 1    113                       197    -84      172
..................................................................


WIND (MPH)
  HIGHEST WIND SPEED    30   HIGHEST WIND DIRECTION    SE (150)
  HIGHEST GUST SPEED    35   HIGHEST GUST DIRECTION    SE (140)


SKY COVER
  POSSIBLE SUNSHINE  MM
  AVERAGE SKY COVER 0.9


WEATHER CONDITIONS
 THE FOLLOWING WEATHER WAS RECORDED TODAY.
  THUNDERSTORM
  LIGHT RAIN
  FOG


RELATIVE HUMIDITY (PERCENT)
 HIGHEST   100           700 AM
 LOWEST     69           200 PM
 AVERAGE    85

..........................................................


THE CORPUS CHRISTI CLIMATE NORMALS FOR TOMORROW
                         NORMAL    RECORD    YEAR
 MAXIMUM TEMPERATURE (F)   79        95      1982
 MINIMUM TEMPERATURE (F)   60        43      2005
                                             1996


SUNRISE AND SUNSET
APRIL  1 2015.........SUNRISE   721 AM CDT   SUNSET   748 PM CDT
APRIL  2 2015.........SUNRISE   720 AM CDT   SUNSET   748 PM CDT


-  INDICATES NEGATIVE NUMBERS.
R  INDICATES RECORD WAS SET OR TIED.
MM INDICATES DATA IS MISSING.
T  INDICATES TRACE AMOUNT.




$$
