000
CDUS41 KILN 180537
CLICVG


CLIMATE REPORT
NATIONAL WEATHER SERVICE WILMINGTON OH
137 AM EDT SAT APR 18 2015


...................................

...THE CINCINNATI OH CLIMATE SUMMARY FOR APRIL 17 2015...

CLIMATE NORMAL PERIOD 1981 TO 2010
CLIMATE RECORD PERIOD 1869 TO 2015


WEATHER ITEM   OBSERVED TIME   RECORD YEAR NORMAL DEPARTURE LAST
                VALUE   (LST)  VALUE       VALUE  FROM      YEAR
                                                  NORMAL
..................................................................
TEMPERATURE (F)
 YESTERDAY
  MAXIMUM         76    349 PM  87    1896  65     11       67
  MINIMUM         56   1043 PM  19    1875  44     12       37
  AVERAGE         66                        55     11       52

PRECIPITATION (IN)
  YESTERDAY        0.02          1.31 1933   0.13  -0.11     0.00
  MONTH TO DATE    3.43                      2.14   1.29     4.84
  SINCE MAR 1      9.75                      6.10   3.65     7.25
  SINCE JAN 1     13.90                     11.91   1.99    12.79

SNOWFALL (IN)
  YESTERDAY        0.0           0.5  2001   0.0    0.0      0.0
  MONTH TO DATE    0.0                       0.4   -0.4      0.6
  SINCE MAR 1      4.9                       3.4    1.5      3.9
  SINCE JUL 1     29.9                      22.0    7.9     47.5
  SNOW DEPTH       0

DEGREE DAYS
 HEATING
  YESTERDAY        0                        11    -11       13
  MONTH TO DATE  118                       227   -109      202
  SINCE MAR 1    823                       893    -70      984
  SINCE JUL 1   5050                      4720    330     5228

 COOLING
  YESTERDAY        1                         1      0        0
  MONTH TO DATE    5                         5      0        7
  SINCE MAR 1      5                         5      0        7
  SINCE JAN 1      5                         5      0        7
..................................................................


WIND (MPH)
  RESULTANT WIND SPEED   2   RESULTANT WIND DIRECTION  NW (330)
  HIGHEST WIND SPEED     9   HIGHEST WIND DIRECTION     N (10)
  HIGHEST GUST SPEED    31   HIGHEST GUST DIRECTION    NW (330)
  AVERAGE WIND SPEED     2.9


SKY COVER
  POSSIBLE SUNSHINE  MM
  AVERAGE SKY COVER 0.8


WEATHER CONDITIONS
 THE FOLLOWING WEATHER WAS RECORDED YESTERDAY.
  LIGHT RAIN
  FOG
  HAZE


RELATIVE HUMIDITY (PERCENT)
 HIGHEST    93          1200 AM
 LOWEST     38           400 PM
 AVERAGE    66

..........................................................


THE CINCINNATI OH CLIMATE NORMALS FOR TODAY
                         NORMAL    RECORD    YEAR
 MAXIMUM TEMPERATURE (F)   66        87      1896
 MINIMUM TEMPERATURE (F)   45        18      1875


SUNRISE AND SUNSET
APRIL 18 2015.........SUNRISE   658 AM EDT   SUNSET   819 PM EDT
APRIL 19 2015.........SUNRISE   657 AM EDT   SUNSET   820 PM EDT


-  INDICATES NEGATIVE NUMBERS.
R  INDICATES RECORD WAS SET OR TIED.
MM INDICATES DATA IS MISSING.
T  INDICATES TRACE AMOUNT.




$$
