000
CDUS46 KSGX 190018
CLICZZ


CLIMATE REPORT
NATIONAL WEATHER SERVICE SAN DIEGO, CA
518 PM PDT SAT APR 18 2015


...................................

...THE CAMPO ASOS CA CLIMATE SUMMARY FOR APRIL 18 2015...
VALID TODAY AS OF 0500 PM LOCAL TIME.

CLIMATE NORMAL PERIOD 1981 TO 2010
CLIMATE RECORD PERIOD 1948 TO 2015


WEATHER ITEM   OBSERVED TIME   RECORD YEAR NORMAL DEPARTURE LAST
                VALUE   (LST)  VALUE       VALUE  FROM      YEAR
                                                  NORMAL
..................................................................
TEMPERATURE (F)
 TODAY
  MAXIMUM         80    130 PM  91    1989  73      7       72
  MINIMUM         33    401 AM  26    2002  38     -5       48
                                      1976
  AVERAGE         57                        55      2       60

PRECIPITATION (IN)
  TODAY            0.00          0.66 1971   0.02  -0.02     0.00
  MONTH TO DATE    0.03                      0.68  -0.65     0.28
  SINCE OCT 1      6.38                     13.80  -7.42     4.60
  SINCE JAN 1      2.51                      9.58  -7.07     2.35

SNOWFALL (IN)
  TODAY            0.0
  MONTH TO DATE    0.0
  SINCE MAR 1      0.0
  SINCE JUL 1      0.0
  SNOW DEPTH       0

DEGREE DAYS
 HEATING
  TODAY            8                        10     -2        5
  MONTH TO DATE  192                       200     -8      174
  SINCE MAR 1    487                       617   -130      546
  SINCE JUL 1   2123                      2668   -545     2416

 COOLING
  TODAY            0                         0      0        0
  MONTH TO DATE    0                         0      0        1
  SINCE MAR 1      0                         0      0        1
  SINCE JAN 1      0                         0      0        1
..................................................................


WIND (MPH)
  RESULTANT WIND SPEED   4   RESULTANT WIND DIRECTION   W (290)
  HIGHEST WIND SPEED    20   HIGHEST WIND DIRECTION     W (250)
  HIGHEST GUST SPEED    25   HIGHEST GUST DIRECTION     W (260)
  AVERAGE WIND SPEED     8.7


SKY COVER
  POSSIBLE SUNSHINE  MM
  AVERAGE SKY COVER 0.0



RELATIVE HUMIDITY (PERCENT)
 HIGHEST    52           400 AM
 LOWEST      8          1100 AM
 AVERAGE    30

..........................................................


THE CAMPO ASOS CA CLIMATE NORMALS FOR TOMORROW
                         NORMAL    RECORD    YEAR
 MAXIMUM TEMPERATURE (F)   73        92      1989
 MINIMUM TEMPERATURE (F)   38        22      1968


SUNRISE AND SUNSET
APRIL 18 2015.........SUNRISE   613 AM PDT   SUNSET   718 PM PDT
APRIL 19 2015.........SUNRISE   612 AM PDT   SUNSET   719 PM PDT


-  INDICATES NEGATIVE NUMBERS.
R  INDICATES RECORD WAS SET OR TIED.
MM INDICATES DATA IS MISSING.
T  INDICATES TRACE AMOUNT.




$$
