000
CDUS43 KUNR 210832
CLID07


CLIMATE REPORT
NATIONAL WEATHER SERVICE RAPID CITY SD
231 AM MDT TUE APR 21 2015


...................................

...THE FAITH SD CLIMATE SUMMARY FOR APRIL 20 2015...

CLIMATE NORMAL PERIOD 1981 TO 2010
CLIMATE RECORD PERIOD 9999 TO 9999


WEATHER ITEM   OBSERVED TIME   NORMAL DEPARTURE LAST
                VALUE   (LST)  VALUE  FROM      YEAR
                                      NORMAL
......................................................
TEMPERATURE (F)
 YESTERDAY
  MAXIMUM         54    113 PM  59     -5       75
  MINIMUM         26    534 AM  35     -9       37
  AVERAGE         40            47     -7       56

PRECIPITATION (IN)
  YESTERDAY        0.00          0.06  -0.06     0.00
  MONTH TO DATE    0.42          0.86  -0.44     0.17
  SINCE MAR 1      0.57          1.84  -1.27     1.36
  SINCE JAN 1      1.00          2.46  -1.46     2.26

DEGREE DAYS
 HEATING
  YESTERDAY       25            18      7        9
  MONTH TO DATE  386           447    -61      479
  SINCE MAR 1   1110          1450   -340     1597
  SINCE JUL 1   6609          7138   -529     7683

 COOLING
  YESTERDAY        0             0      0        0
  MONTH TO DATE    0             0      0        0
  SINCE MAR 1      2             0      2        0
  SINCE JAN 1      2             0      2        0
......................................................


WIND (MPH)
  HIGHEST WIND SPEED    35   HIGHEST WIND DIRECTION    NW (330)
  HIGHEST GUST SPEED    45   HIGHEST GUST DIRECTION    NW (320)
  AVERAGE WIND SPEED    17.1




RELATIVE HUMIDITY (PERCENT)
 HIGHEST    69          1200 AM
 LOWEST     21          1200 PM
 AVERAGE    45

..........................................................




SUNRISE AND SUNSET
APRIL 21 2015.........SUNRISE   553 AM MDT   SUNSET   741 PM MDT
APRIL 22 2015.........SUNRISE   552 AM MDT   SUNSET   742 PM MDT


-  INDICATES NEGATIVE NUMBERS.
R  INDICATES RECORD WAS SET OR TIED.
MM INDICATES DATA IS MISSING.
T  INDICATES TRACE AMOUNT.




$$
