000
CDUS42 KMLB 060635
CLIDAB


CLIMATE REPORT
NATIONAL WEATHER SERVICE MELBOURNE FL
235 AM EDT WED MAY 6 2015


...................................

...THE DAYTONA BEACH CLIMATE SUMMARY FOR MAY 5 2015...

CLIMATE NORMAL PERIOD 1981 TO 2010
CLIMATE RECORD PERIOD 1923 TO 2015


WEATHER ITEM   OBSERVED TIME   RECORD YEAR NORMAL DEPARTURE LAST
                VALUE   (LST)  VALUE       VALUE  FROM      YEAR
                                                  NORMAL
..................................................................
TEMPERATURE (F)
 YESTERDAY
  MAXIMUM         80   1241 PM  94    1938  83     -3       87
  MINIMUM         67    428 AM  40    1940  62      5       60
  AVERAGE         74                        73      1       74

PRECIPITATION (IN)
  YESTERDAY        0.11          0.96 1931   0.07   0.04     0.00
  MONTH TO DATE    0.11                      0.29  -0.18     1.54
  SINCE MAR 1      6.40                      6.71  -0.31    10.60
  SINCE JAN 1     11.83                     12.23  -0.40    17.18

SNOWFALL (IN)
  YESTERDAY        0.0
  MONTH TO DATE    0.0
  SINCE JUL 1      0.0

DEGREE DAYS
 HEATING
  YESTERDAY        0                         0      0        0
  MONTH TO DATE    0                         0      0        0
  SINCE MAR 1     35                       125    -90       89
  SINCE JUL 1    682                       807   -125      602

 COOLING
  YESTERDAY        9                         8      1        9
  MONTH TO DATE   26                        37    -11       34
  SINCE MAR 1    531                       259    272      285
  SINCE JAN 1    571                       324    247      369
..................................................................


WIND (MPH)
  HIGHEST WIND SPEED    20   HIGHEST WIND DIRECTION    NE (60)
  HIGHEST GUST SPEED    24   HIGHEST GUST DIRECTION    NE (60)
  AVERAGE WIND SPEED    10.8


SKY COVER
  AVERAGE SKY COVER 0.9


WEATHER CONDITIONS
 THE FOLLOWING WEATHER WAS RECORDED YESTERDAY.
  RAIN
  LIGHT RAIN
  FOG


RELATIVE HUMIDITY (PERCENT)
 HIGHEST    84           700 AM
 LOWEST     58           100 PM
 AVERAGE    71

..........................................................


THE DAYTONA BEACH CLIMATE NORMALS FOR TODAY
                         NORMAL    RECORD    YEAR
 MAXIMUM TEMPERATURE (F)   83        95      1955
 MINIMUM TEMPERATURE (F)   63        42      1940


SUNRISE AND SUNSET
MAY  6 2015...........SUNRISE   639 AM EDT   SUNSET   803 PM EDT
MAY  7 2015...........SUNRISE   638 AM EDT   SUNSET   804 PM EDT


-  INDICATES NEGATIVE NUMBERS.
R  INDICATES RECORD WAS SET OR TIED.
MM INDICATES DATA IS MISSING.
T  INDICATES TRACE AMOUNT.




$$
