000
CDUS41 KILN 260528
CLIDAY


CLIMATE REPORT
NATIONAL WEATHER SERVICE WILMINGTON OH
127 AM EDT SUN APR 26 2015


...................................

...THE DAYTON OH CLIMATE SUMMARY FOR APRIL 25 2015...

CLIMATE NORMAL PERIOD 1981 TO 2010
CLIMATE RECORD PERIOD 1869 TO 2015


WEATHER ITEM   OBSERVED TIME   RECORD YEAR NORMAL DEPARTURE LAST
                VALUE   (LST)  VALUE       VALUE  FROM      YEAR
                                                  NORMAL
..................................................................
TEMPERATURE (F)
 YESTERDAY
  MAXIMUM         52   1210 AM  89    1915  65    -13       63
  MINIMUM         41   1239 PM  26    1919  45     -4       49
  AVERAGE         47                        55     -8       56

PRECIPITATION (IN)
  YESTERDAY        0.67          1.96 1993   0.14   0.53     0.21
  MONTH TO DATE    5.26                      3.39   1.87     4.16
  SINCE MAR 1      9.17                      6.73   2.44     6.78
  SINCE JAN 1     13.53                     11.68   1.85    11.76

SNOWFALL (IN)
  YESTERDAY        0.0           0.0    MM   0.0    0.0      0.0
  MONTH TO DATE    0.0                       0.6   -0.6      1.1
  SINCE MAR 1      5.7                       4.0    1.7      8.2
  SINCE JUL 1     27.7                      23.3    4.4     53.6
  SNOW DEPTH       0

DEGREE DAYS
 HEATING
  YESTERDAY       18                        11      7        9
  MONTH TO DATE  257                       364   -107      306
  SINCE MAR 1   1064                      1128    -64     1183
  SINCE JUL 1   5627                      5403    224     5782

 COOLING
  YESTERDAY        0                         1     -1        0
  MONTH TO DATE    4                         5     -1        8
  SINCE MAR 1      4                         5     -1        8
  SINCE JAN 1      4                         5     -1        8
..................................................................


WIND (MPH)
  RESULTANT WIND SPEED  11   RESULTANT WIND DIRECTION   E (70)
  HIGHEST WIND SPEED    22   HIGHEST WIND DIRECTION     E (70)
  HIGHEST GUST SPEED    27   HIGHEST GUST DIRECTION     E (70)
  AVERAGE WIND SPEED    11.5



WEATHER CONDITIONS
 THE FOLLOWING WEATHER WAS RECORDED YESTERDAY.
  RAIN
  LIGHT RAIN
  FOG


RELATIVE HUMIDITY (PERCENT)
 HIGHEST    89           100 PM
 LOWEST     61           700 AM
 AVERAGE    75

..........................................................


THE DAYTON OH CLIMATE NORMALS FOR TODAY
                         NORMAL    RECORD    YEAR
 MAXIMUM TEMPERATURE (F)   66        88      1986
 MINIMUM TEMPERATURE (F)   45        30      1919


SUNRISE AND SUNSET
APRIL 26 2015.........SUNRISE   644 AM EDT   SUNSET   826 PM EDT
APRIL 27 2015.........SUNRISE   643 AM EDT   SUNSET   827 PM EDT


-  INDICATES NEGATIVE NUMBERS.
R  INDICATES RECORD WAS SET OR TIED.
MM INDICATES DATA IS MISSING.
T  INDICATES TRACE AMOUNT.




$$
