000
CDUS43 KILX 020635
CLIDEC


CLIMATE REPORT
NATIONAL WEATHER SERVICE LINCOLN IL
134 AM CDT THU APR 2 2015


...................................

...THE DECATUR IL AIRPORT CLIMATE SUMMARY FOR APRIL 1 2015...

CLIMATE NORMAL PERIOD 1981 TO 2010
CLIMATE RECORD PERIOD 9999 TO 9999


WEATHER ITEM   OBSERVED TIME   RECORD YEAR NORMAL DEPARTURE LAST
                VALUE   (LST)  VALUE       VALUE  FROM      YEAR
                                                  NORMAL
..................................................................
TEMPERATURE (F)
 YESTERDAY
  MAXIMUM         74    323 PM  MM      MM  58     16       57
  MINIMUM         39    154 AM  MM      MM  37      2       35
  AVERAGE         57                        48      9       46

PRECIPITATION (IN)
  YESTERDAY        0.00         MM      MM   0.10  -0.10     0.11
  MONTH TO DATE    0.00                      0.10  -0.10     0.11
  SINCE MAR 1      1.61                      2.74  -1.13     1.60
  SINCE JAN 1      2.86                      6.46  -3.60     2.72

DEGREE DAYS
 HEATING
  YESTERDAY        8                        18    -10       19
  MONTH TO DATE    8                        18    -10       19
  SINCE MAR 1    797                       745     52      905
  SINCE JUL 1   5443                      5002    441     5717

 COOLING
  YESTERDAY        0                         0      0        0
  MONTH TO DATE    0                         0      0        0
  SINCE MAR 1      0                         1     -1        0
  SINCE JAN 1      0                         1     -1        0
..................................................................


WIND (MPH)
  HIGHEST WIND SPEED    22   HIGHEST WIND DIRECTION     S (160)
  HIGHEST GUST SPEED    27   HIGHEST GUST DIRECTION     S (160)
  AVERAGE WIND SPEED    13.2


SKY COVER
  POSSIBLE SUNSHINE  MM
  AVERAGE SKY COVER 0.0


WEATHER CONDITIONS
 THE FOLLOWING WEATHER WAS RECORDED YESTERDAY.
  NO SIGNIFICANT WEATHER WAS OBSERVED.


RELATIVE HUMIDITY (PERCENT)
 HIGHEST    79           200 AM
 LOWEST     29           200 PM
 AVERAGE    54

..........................................................


THE DECATUR IL AIRPORT CLIMATE NORMALS FOR TODAY
                         NORMAL    RECORD    YEAR
 MAXIMUM TEMPERATURE (F)   59        MM        MM
 MINIMUM TEMPERATURE (F)   37        MM        MM


SUNRISE AND SUNSET
APRIL  2 2015.........SUNRISE   638 AM CDT   SUNSET   720 PM CDT
APRIL  3 2015.........SUNRISE   637 AM CDT   SUNSET   721 PM CDT


-  INDICATES NEGATIVE NUMBERS.
R  INDICATES RECORD WAS SET OR TIED.
MM INDICATES DATA IS MISSING.
T  INDICATES TRACE AMOUNT.




$$
