000
CDUS45 KCYS 210733
CLIDGW


CLIMATE REPORT
NATIONAL WEATHER SERVICE CHEYENNE WY
132 AM MDT TUE APR 21 2015


...................................

...THE DOUGLAS WY AIRPORT CLIMATE SUMMARY FOR APRIL 20 2015...

CLIMATE NORMAL PERIOD 1981 TO 2010
CLIMATE RECORD PERIOD 1998 TO 2015


WEATHER ITEM   OBSERVED TIME   RECORD YEAR NORMAL DEPARTURE LAST
                VALUE   (LST)  VALUE       VALUE  FROM      YEAR
                                                  NORMAL
..................................................................
TEMPERATURE (F)
 YESTERDAY
  MAXIMUM         57    331 PM  72    2014  59     -2       72
                                      2012
  MINIMUM         27    259 AM  20    2011  31     -4       35
  AVERAGE         42                        45     -3       54

PRECIPITATION (IN)
  YESTERDAY        0.00          0.38 2005   0.06  -0.06     0.00
  MONTH TO DATE    2.36                      0.89   1.47     0.72
  SINCE JAN 1      3.74                      2.53   1.21     2.96

DEGREE DAYS
 HEATING
  YESTERDAY       23                        20      3       11
  MONTH TO DATE  454                       453      1      444
  SINCE MAR 1   1210                      1371   -161     1336
  SINCE JUL 1   6213                      6771   -558     6926

 COOLING
  YESTERDAY        0                         0      0        0
  MONTH TO DATE    0                         0      0        0
  SINCE MAR 1      1                         0      1        0
  SINCE JAN 1      1                         0      1        0
..................................................................


WIND (MPH)
  HIGHEST WIND SPEED    24   HIGHEST WIND DIRECTION    NW (320)
  HIGHEST GUST SPEED    32   HIGHEST GUST DIRECTION     N (340)
  AVERAGE WIND SPEED     9.8


SKY COVER
  AVERAGE SKY COVER 0.4


WEATHER CONDITIONS
 THE FOLLOWING WEATHER WAS RECORDED YESTERDAY.
  NO SIGNIFICANT WEATHER WAS OBSERVED.


RELATIVE HUMIDITY (PERCENT)
 HIGHEST    92           600 AM
 LOWEST     26           400 PM
 AVERAGE    59

..........................................................


THE DOUGLAS WY AIRPORT CLIMATE NORMALS FOR TODAY
                         NORMAL    RECORD    YEAR
 MAXIMUM TEMPERATURE (F)   59        74      2009
 MINIMUM TEMPERATURE (F)   31        17      2008


SUNRISE AND SUNSET
APRIL 21 2015.........SUNRISE   611 AM MDT   SUNSET   750 PM MDT
APRIL 22 2015.........SUNRISE   609 AM MDT   SUNSET   752 PM MDT


-  INDICATES NEGATIVE NUMBERS.
R  INDICATES RECORD WAS SET OR TIED.
MM INDICATES DATA IS MISSING.
T  INDICATES TRACE AMOUNT.




$$
