000
CDUS41 KLWX 040526
CLIDMH


CLIMATE REPORT
NATIONAL WEATHER SERVICE BALTIMORE MD/WASHINGTON DC
124 AM EDT MON MAY 4 2015


...................................

...THE BALTIMORE INNER HARBOR MD CLIMATE SUMMARY FOR MAY 3 2015...

CLIMATE NORMAL PERIOD 1981 TO 2010
CLIMATE RECORD PERIOD 9999 TO 9999


WEATHER ITEM   OBSERVED TIME   RECORD YEAR NORMAL DEPARTURE LAST
                VALUE   (LST)  VALUE       VALUE  FROM      YEAR
                                                  NORMAL
..................................................................
TEMPERATURE (F)
 YESTERDAY
  MAXIMUM         83    343 PM  MM      MM  71     12       71
  MINIMUM         56    535 AM  MM      MM  53      3       58
  AVERAGE         70                        62      8       65

PRECIPITATION (IN)
  YESTERDAY        0.00         MM      MM   0.11  -0.11     0.00
  MONTH TO DATE    0.00                      0.32  -0.32     0.22
  SINCE MAR 1      7.39                      7.40  -0.01    13.72
  SINCE JAN 1     13.21                     12.92   0.29    20.05

DEGREE DAYS
 HEATING
  YESTERDAY        0                         4     -4        0
  MONTH TO DATE   12                        14     -2        2
  SINCE MAR 1    846                       871    -25     1021
  SINCE JUL 1   4360                      3959    401     4091

 COOLING
  YESTERDAY        5                         2      3        0
  MONTH TO DATE    5                         5      0        4
  SINCE MAR 1     14                        30    -16       18
  SINCE JAN 1     14                        30    -16       18
..................................................................


WIND (MPH)
  HIGHEST WIND SPEED    MM   HIGHEST WIND DIRECTION    MM
  HIGHEST GUST SPEED    MM   HIGHEST GUST DIRECTION    MM
  AVERAGE WIND SPEED    MM


SKY COVER
  POSSIBLE SUNSHINE  MM



RELATIVE HUMIDITY (PERCENT)
 HIGHEST    62           300 AM
 LOWEST     20           200 PM
 AVERAGE    41

..........................................................


THE BALTIMORE INNER HARBOR MD CLIMATE NORMALS FOR TODAY
                         NORMAL
 MAXIMUM TEMPERATURE (F)   72
 MINIMUM TEMPERATURE (F)   53


SUNRISE AND SUNSET
MAY  4 2015...........SUNRISE   605 AM EDT   SUNSET   802 PM EDT
MAY  5 2015...........SUNRISE   603 AM EDT   SUNSET   803 PM EDT


-  INDICATES NEGATIVE NUMBERS.
R  INDICATES RECORD WAS SET OR TIED.
MM INDICATES DATA IS MISSING.
T  INDICATES TRACE AMOUNT.




$$
