000
CDUS43 KEAX 191234
CLIDMO


CLIMATE REPORT
NATIONAL WEATHER SERVICE KANSAS CITY/PLEASANT HILL MO
733 AM CDT SUN APR 19 2015


...................................

...THE SEDALIA MO CLIMATE SUMMARY FOR APRIL 19 2015...
VALID AS OF 0700 AM LOCAL TIME.

CLIMATE NORMAL PERIOD 1981 TO 2010
CLIMATE RECORD PERIOD 9999 TO 9999


WEATHER ITEM   OBSERVED TIME   NORMAL DEPARTURE LAST
                VALUE   (LST)  VALUE  FROM      YEAR
                                      NORMAL
......................................................
TEMPERATURE (F)
 TODAY
  MAXIMUM         58   1200 AM  68    -10       78
  MINIMUM         53    523 AM  47      6       50
  AVERAGE         56            58     -2       64

PRECIPITATION (IN)
  TODAY            0.00          0.14  -0.14     0.00
  MONTH TO DATE    3.37          2.31   1.06     5.42
  SINCE MAR 1      4.50          4.92  -0.42     6.35
  SINCE JAN 1      6.58          8.52  -1.94     7.29

DEGREE DAYS
 HEATING
  TODAY            9             8      1        1
  MONTH TO DATE  104           207   -103      236
  SINCE MAR 1    644           792   -148      930
  SINCE JUL 1   4492          4409     83     5149

 COOLING
  TODAY            0             1     -1        0
  MONTH TO DATE   16            18     -2        6
  SINCE MAR 1     17            21     -4        6
  SINCE JAN 1     17            21     -4        6
......................................................


WIND (MPH)
  HIGHEST WIND SPEED     5   HIGHEST WIND DIRECTION     S (160)
  HIGHEST GUST SPEED     5   HIGHEST GUST DIRECTION     W (290)
  AVERAGE WIND SPEED     0.5


SKY COVER
  AVERAGE SKY COVER 0.9


WEATHER CONDITIONS
 THE FOLLOWING WEATHER WAS RECORDED TODAY.
  FOG
  FOG W/VISIBILITY <= 1/4 MILE


RELATIVE HUMIDITY (PERCENT)
 HIGHEST    93          1200 AM
 LOWEST     93          1200 AM
 AVERAGE    93

..........................................................


THE SEDALIA MO CLIMATE NORMALS FOR TOMORROW
                         NORMAL
 MAXIMUM TEMPERATURE (F)   69
 MINIMUM TEMPERATURE (F)   48


SUNRISE AND SUNSET
APRIL 19 2015.........SUNRISE   631 AM CDT   SUNSET   753 PM CDT
APRIL 20 2015.........SUNRISE   629 AM CDT   SUNSET   754 PM CDT


-  INDICATES NEGATIVE NUMBERS.
R  INDICATES RECORD WAS SET OR TIED.
MM INDICATES DATA IS MISSING.
T  INDICATES TRACE AMOUNT.




$$
