000
CDUS45 KTWC 301428
CLIDUG

CLIMATE REPORT
NATIONAL WEATHER SERVICE TUCSON AZ
727 AM MST MON MAR 30 2015


...................................

...THE DOUGLAS AZ CLIMATE SUMMARY FOR MARCH 30 2015...
VALID AS OF 0700 AM LOCAL TIME.

CLIMATE NORMAL PERIOD 1981 TO 2010
CLIMATE RECORD PERIOD 1948 TO 2015


WEATHER ITEM   OBSERVED TIME   RECORD YEAR NORMAL DEPARTURE LAST
                VALUE   (LST)  VALUE       VALUE  FROM      YEAR
                                                  NORMAL
..................................................................
TEMPERATURE (F)
 TODAY
  MINIMUM         49    651 AM  22    1987  39     10       39

PRECIPITATION (IN)
  TODAY            0.00          0.15 1998   0.01  -0.01     0.00
  MONTH TO DATE    0.92                      0.49   0.43     0.44
  SINCE OCT 1      4.40                      4.43  -0.03     1.26
  SINCE JAN 1      2.43                      1.88   0.55     0.44

DEGREE DAYS
 HEATING
  TODAY           12                         8      4        4

 COOLING
  TODAY            0                         0      0        0
..................................................................


WIND (MPH)
  HIGHEST WIND SPEED     9   HIGHEST WIND DIRECTION    NW (310)
  HIGHEST GUST SPEED    10   HIGHEST GUST DIRECTION    NW (310)
  AVERAGE WIND SPEED     2.1


SKY COVER
  POSSIBLE SUNSHINE  MM
  AVERAGE SKY COVER 0.0


WEATHER CONDITIONS
 THE FOLLOWING WEATHER WAS RECORDED TODAY.
  NO SIGNIFICANT WEATHER WAS OBSERVED.


RELATIVE HUMIDITY (PERCENT)
 HIGHEST    50           300 AM

..........................................................


THE DOUGLAS AZ CLIMATE NORMALS FOR TOMORROW
                         NORMAL    RECORD    YEAR
 MAXIMUM TEMPERATURE (F)   75        89      1989
 MINIMUM TEMPERATURE (F)   39        26      1987
                                             1976


SUNRISE AND SUNSET
MARCH 30 2015.........SUNRISE   610 AM MST   SUNSET   636 PM MST
MARCH 31 2015.........SUNRISE   609 AM MST   SUNSET   637 PM MST


-  INDICATES NEGATIVE NUMBERS.
R  INDICATES RECORD WAS SET OR TIED.
MM INDICATES DATA IS MISSING.
T  INDICATES TRACE AMOUNT.




$$
