000
CDUS46 KEKA 011417 CCA
CLIEKA

CLIMATE REPORT...CORRECTED FOR WX
NATIONAL WEATHER SERVICE EUREKA CA
717 AM PDT WED APR 1 2015


...................................

...THE EUREKA CA CLIMATE SUMMARY FOR MARCH 31 2015...

CLIMATE NORMAL PERIOD 1981 TO 2010
CLIMATE RECORD PERIOD 1886 TO 2015


WEATHER ITEM   OBSERVED RECORD YEAR NORMAL DEPARTURE LAST
                VALUE   VALUE       VALUE  FROM      YEAR
                                           NORMAL
...........................................................
TEMPERATURE (F)
 YESTERDAY
  MAXIMUM         58     76    1987  57      1       54
  MINIMUM         44     30    2008  43      1       44
  AVERAGE         51                 50      1       49

PRECIPITATION (IN)
  YESTERDAY        0.19   1.43 1928   0.14   0.05     0.41
  MONTH TO DATE    3.21               5.30  -2.09     6.25
  SINCE OCT 1     27.99              33.40  -5.41    15.59
  SINCE JAN 1      9.61              17.43  -7.82    13.69

SNOWFALL (IN)
  YESTERDAY        0.0   MM      MM   0.0    0.0     MM
  MONTH TO DATE    0.0                0.0    0.0      0.0
  SINCE MAR 1      0.0                0.0    0.0      0.0
  SINCE JUL 1      0.0                0.2   -0.2       T
  SNOW DEPTH       0

DEGREE DAYS
 HEATING
  YESTERDAY       14                 15     -1       16
  MONTH TO DATE  395                473    -78      410
  SINCE MAR 1    395                476    -81      410
  SINCE JUL 1   2550               3398   -848     3501

 COOLING
  YESTERDAY        0                  0      0        0
  MONTH TO DATE    0                  0      0        0
  SINCE MAR 1      0                  0      0        0
  SINCE JAN 1      0                  0      0        0
...........................................................


WIND (MPH)
  HIGHEST WIND SPEED    12   HIGHEST WIND DIRECTION     N (360)
  HIGHEST GUST SPEED    26   HIGHEST GUST DIRECTION     N (20)
  AVERAGE WIND SPEED     7.2


SKY COVER
  AVERAGE SKY COVER 0.4


WEATHER CONDITIONS
 THE FOLLOWING WEATHER WAS RECORDED YESTERDAY.
  LIGHT RAIN
  FOG


..........................................................


THE EUREKA CA CLIMATE NORMALS FOR TODAY
                         NORMAL    RECORD    YEAR
 MAXIMUM TEMPERATURE (F)   57        71      2000
 MINIMUM TEMPERATURE (F)   43        32      1999


SUNRISE AND SUNSET
APRIL  1 2015.........SUNRISE   700 AM PDT   SUNSET   741 PM PDT
APRIL  2 2015.........SUNRISE   659 AM PDT   SUNSET   742 PM PDT


-  INDICATES NEGATIVE NUMBERS.
R  INDICATES RECORD WAS SET OR TIED.
MM INDICATES DATA IS MISSING.
T  INDICATES TRACE AMOUNT.




&&

..........................................................

TOTAL SEASON     NORMAL   % OF NORMAL     LAST SEASON

    27.99         33.40        84            15.59


$$
