000
CDUS41 KRLX 180738
CLIEKN


CLIMATE REPORT
NATIONAL WEATHER SERVICE CHARLESTON WV
335 AM EDT SAT APR 18 2015


...................................

...THE ELKINS WV CLIMATE SUMMARY FOR APRIL 17 2015...

CLIMATE NORMAL PERIOD 1981 TO 2010
CLIMATE RECORD PERIOD 1899 TO 2015


WEATHER ITEM   OBSERVED TIME   RECORD YEAR NORMAL DEPARTURE LAST
                VALUE   (LST)  VALUE       VALUE  FROM      YEAR
                                                  NORMAL
..................................................................
TEMPERATURE (F)
 YESTERDAY
  MAXIMUM         66    544 PM  87    1976  64      2       66
  MINIMUM         48   1159 PM  18    1904  37     11       26
  AVERAGE         57                        50      7       46

PRECIPITATION (IN)
  YESTERDAY        0.12          1.32 2006   0.12   0.00     0.00
  MONTH TO DATE    4.87                      2.12   2.75     0.51
  SINCE JAN 1     17.96                     12.41   5.55     9.96

SNOWFALL (IN)
  YESTERDAY        0.0
  MONTH TO DATE    0.0
  SINCE SEP 1     70.3
  SNOW DEPTH       0

DEGREE DAYS
 HEATING
  YESTERDAY        8                        15     -7       19
  MONTH TO DATE  198                       295    -97      231
  SINCE MAR 1    999                      1075    -76     1128
  SINCE JUL 1   5630                      5396    234     5651

 COOLING
  YESTERDAY        0                         0      0        0
  MONTH TO DATE    3                         0      3        2
  SINCE MAR 1      3                         0      3        2
  SINCE JAN 1      3                         0      3        2
..................................................................


WIND (MPH)
  HIGHEST WIND SPEED     9   HIGHEST WIND DIRECTION     W (270)
  HIGHEST GUST SPEED    16   HIGHEST GUST DIRECTION     W (270)
  AVERAGE WIND SPEED     1.7


SKY COVER
  POSSIBLE SUNSHINE  MM
  AVERAGE SKY COVER 0.8


WEATHER CONDITIONS
 THE FOLLOWING WEATHER WAS RECORDED YESTERDAY.
  RAIN
  LIGHT RAIN
  FOG
  FOG W/VISIBILITY <= 1/4 MILE


RELATIVE HUMIDITY (PERCENT)
 HIGHEST   100           900 PM
 LOWEST     67          1200 AM
 AVERAGE    84

..........................................................


THE ELKINS WV CLIMATE NORMALS FOR TODAY
                         NORMAL    RECORD    YEAR
 MAXIMUM TEMPERATURE (F)   64        88      1976
 MINIMUM TEMPERATURE (F)   37        19      1983


SUNRISE AND SUNSET
APRIL 18 2015.........SUNRISE   639 AM EDT   SUNSET   759 PM EDT
APRIL 19 2015.........SUNRISE   638 AM EDT   SUNSET   800 PM EDT


-  INDICATES NEGATIVE NUMBERS.
R  INDICATES RECORD WAS SET OR TIED.
MM INDICATES DATA IS MISSING.
T  INDICATES TRACE AMOUNT.




$$
