000
CDUS45 KLKN 180028
CLIEKO


CLIMATE REPORT
NATIONAL WEATHER SERVICE ELKO NV
527 PM PDT FRI APR 17 2015


...................................

...THE ELKO AIRPORT NV CLIMATE SUMMARY FOR APRIL 17 2015...
VALID TODAY AS OF 0500 PM LOCAL TIME.

CLIMATE NORMAL PERIOD 1981 TO 2010
CLIMATE RECORD PERIOD 1888 TO 2015


WEATHER ITEM   OBSERVED TIME   RECORD YEAR NORMAL DEPARTURE LAST
                VALUE   (LST)  VALUE       VALUE  FROM      YEAR
                                                  NORMAL
..................................................................
TEMPERATURE (F)
 TODAY
  MAXIMUM         70    351 PM  81    1936  60     10       76
  MINIMUM         23    526 AM  10    1914  31     -8       30
  AVERAGE         47                        45      2       53

PRECIPITATION (IN)
  TODAY            0.00          0.54 1966   0.03  -0.03     0.00
  MONTH TO DATE    0.40                      0.54  -0.14     0.30
  SINCE OCT 1      3.29                      6.56  -3.27     5.54
  SINCE JAN 1      1.05                      3.50  -2.45     3.93

SNOWFALL (IN)
  TODAY            0.0           3.1  2004   0.1   -0.1      0.0
  MONTH TO DATE    2.2                       2.3   -0.1      2.6
  SINCE MAR 1      2.9                       7.4   -4.5      7.9
  SINCE JUL 1     12.3                      39.9  -27.6     20.2
  SNOW DEPTH       0

DEGREE DAYS
 HEATING
  TODAY           18                        20     -2       12
  MONTH TO DATE  381                       363     18      334
  SINCE MAR 1   1013                      1172   -159     1092
  SINCE JUL 1   5021                      6340  -1319     5823

 COOLING
  TODAY            0                         0      0        0
  MONTH TO DATE    0                         0      0        0
  SINCE MAR 1      0                         0      0        0
  SINCE JAN 1      0                         0      0        0
..................................................................


WIND (MPH)
  HIGHEST WIND SPEED    17   HIGHEST WIND DIRECTION     N (340)
  HIGHEST GUST SPEED    22   HIGHEST GUST DIRECTION    NW (320)



WEATHER CONDITIONS
 THE FOLLOWING WEATHER WAS RECORDED TODAY.
  NO SIGNIFICANT WEATHER WAS OBSERVED.


RELATIVE HUMIDITY (PERCENT)
 HIGHEST    81           600 AM
 LOWEST     15           300 PM
 AVERAGE    48

..........................................................


THE ELKO AIRPORT NV CLIMATE NORMALS FOR TOMORROW
                         NORMAL    RECORD    YEAR
 MAXIMUM TEMPERATURE (F)   60        81      1962
 MINIMUM TEMPERATURE (F)   31        15      2013
                                             1970


SUNRISE AND SUNSET
APRIL 17 2015.........SUNRISE   602 AM PDT   SUNSET   725 PM PDT
APRIL 18 2015.........SUNRISE   600 AM PDT   SUNSET   726 PM PDT


-  INDICATES NEGATIVE NUMBERS.
R  INDICATES RECORD WAS SET OR TIED.
MM INDICATES DATA IS MISSING.
T  INDICATES TRACE AMOUNT.




$$
