000
CDUS44 KSHV 210745
CLIELD


CLIMATE REPORT
NATIONAL WEATHER SERVICE SHREVEPORT, LA
245 AM CDT TUE APR 21 2015


...................................

...THE EL DORADO CLIMATE SUMMARY FOR APRIL 20 2015...

CLIMATE NORMAL PERIOD 1981 TO 2010
CLIMATE RECORD PERIOD 1907 TO 2015


WEATHER ITEM   OBSERVED TIME   RECORD YEAR NORMAL DEPARTURE LAST
                VALUE   (LST)  VALUE       VALUE  FROM      YEAR
                                                  NORMAL
..................................................................
TEMPERATURE (F)
 YESTERDAY
  MAXIMUM         70    458 PM  96    1987  77     -7       80
  MINIMUM         49   1146 PM  36    2013  52     -3       49
                                      1943
  AVERAGE         60                        64     -4       65

PRECIPITATION (IN)
  YESTERDAY        0.00          1.98 1944   0.14  -0.14     0.00
  MONTH TO DATE    2.14                      2.69  -0.55     5.12
  SINCE DEC 1     18.07                     21.71  -3.64    20.25
  SINCE JAN 1     14.74                     16.53  -1.79    13.69

SNOWFALL (IN)
  YESTERDAY        0.0
  MONTH TO DATE    0.0
  SINCE MAR 1      0.7
  SINCE JUL 1      0.7
  SNOW DEPTH       0

DEGREE DAYS
 HEATING
  YESTERDAY        5                         3      2        0
  MONTH TO DATE   48                        95    -47      144
  SINCE MAR 1    395                       403     -8      586
  SINCE JUL 1   2881                      2631    250     3193

 COOLING
  YESTERDAY        0                         3     -3        0
  MONTH TO DATE   73                        39     34       21
  SINCE MAR 1     87                        61     26       26
  SINCE JAN 1     87                        67     20       26
..................................................................


WIND (MPH)
  HIGHEST WIND SPEED    20   HIGHEST WIND DIRECTION    NW (330)
  HIGHEST GUST SPEED    26   HIGHEST GUST DIRECTION    NW (310)
  AVERAGE WIND SPEED     7.5


SKY COVER
  POSSIBLE SUNSHINE  MM
  AVERAGE SKY COVER 0.1


WEATHER CONDITIONS
 THE FOLLOWING WEATHER WAS RECORDED YESTERDAY.
  NO SIGNIFICANT WEATHER WAS OBSERVED.


RELATIVE HUMIDITY (PERCENT)
 HIGHEST    83           300 AM
 LOWEST     28           400 PM
 AVERAGE    56

..........................................................


THE EL DORADO CLIMATE NORMALS FOR TODAY
                         NORMAL    RECORD    YEAR
 MAXIMUM TEMPERATURE (F)   77        93      1925
 MINIMUM TEMPERATURE (F)   53        35      1953


SUNRISE AND SUNSET
APRIL 21 2015.........SUNRISE   634 AM CDT   SUNSET   746 PM CDT
APRIL 22 2015.........SUNRISE   633 AM CDT   SUNSET   747 PM CDT


-  INDICATES NEGATIVE NUMBERS.
R  INDICATES RECORD WAS SET OR TIED.
MM INDICATES DATA IS MISSING.
T  INDICATES TRACE AMOUNT.




$$
