000
CDUS45 KLKN 260940
CLIELY


CLIMATE REPORT
NATIONAL WEATHER SERVICE ELKO NV
235 AM PDT SUN APR 26 2015


...................................

...THE ELY AIRPORT NV CLIMATE SUMMARY FOR APRIL 25 2015...

CLIMATE NORMAL PERIOD 1981 TO 2010
CLIMATE RECORD PERIOD 1893 TO 2015


WEATHER ITEM   OBSERVED TIME   RECORD YEAR NORMAL DEPARTURE LAST
                VALUE   (LST)  VALUE       VALUE  FROM      YEAR
                                                  NORMAL
..................................................................
TEMPERATURE (F)
 YESTERDAY
  MAXIMUM         47   1114 AM  77    1987  61    -14       54
                                      1898
  MINIMUM         32    527 AM  10    1960  29      3       33
  AVERAGE         40                        45     -5       44

PRECIPITATION (IN)
  YESTERDAY        0.16          0.55 1939   0.03   0.13     0.36
  MONTH TO DATE    0.67                      0.77  -0.10     0.56
  SINCE OCT 1      2.72                      5.44  -2.72     5.39
  SINCE JAN 1      1.55                      3.15  -1.60     2.71

SNOWFALL (IN)
  YESTERDAY        1.0           4.8  1971   0.2    0.8       T
  MONTH TO DATE    4.7                       4.5    0.2      2.9
  SINCE MAR 1      9.7                      12.8   -3.1      7.3
  SINCE JUL 1     20.7                      47.7  -27.0     46.4
  SNOW DEPTH       0

DEGREE DAYS
 HEATING
  YESTERDAY       25                        20      5       21
  MONTH TO DATE  579                       580     -1      501
  SINCE MAR 1   1274                      1470   -196     1334
  SINCE JUL 1   5518                      6807  -1289     6353

 COOLING
  YESTERDAY        0                         0      0        0
  MONTH TO DATE    0                         0      0        0
  SINCE MAR 1      0                         0      0        0
  SINCE JAN 1      0                         0      0        0
..................................................................


WIND (MPH)
  HIGHEST WIND SPEED    22   HIGHEST WIND DIRECTION     W (250)
  HIGHEST GUST SPEED    28   HIGHEST GUST DIRECTION     W (250)
  AVERAGE WIND SPEED     9.9



WEATHER CONDITIONS
 THE FOLLOWING WEATHER WAS RECORDED YESTERDAY.
  THUNDERSTORM
  HEAVY RAIN
  RAIN
  LIGHT RAIN
  LIGHT SNOW
  FOG


RELATIVE HUMIDITY (PERCENT)
 HIGHEST   100           300 AM
 LOWEST     65           900 AM
 AVERAGE    83

..........................................................


THE ELY AIRPORT NV CLIMATE NORMALS FOR TODAY
                         NORMAL    RECORD    YEAR
 MAXIMUM TEMPERATURE (F)   61        80      1992
 MINIMUM TEMPERATURE (F)   29         8      1975


SUNRISE AND SUNSET
APRIL 26 2015.........SUNRISE   547 AM PDT   SUNSET   728 PM PDT
APRIL 27 2015.........SUNRISE   546 AM PDT   SUNSET   729 PM PDT


-  INDICATES NEGATIVE NUMBERS.
R  INDICATES RECORD WAS SET OR TIED.
MM INDICATES DATA IS MISSING.
T  INDICATES TRACE AMOUNT.




$$
