000
CDUS42 KMHX 260525
CLIEWN


CLIMATE REPORT
NATIONAL WEATHER SERVICE NEWPORT/MOREHEAD CITY NC
125 AM EDT SUN APR 26 2015


...................................

...THE NEW BERN NC CLIMATE SUMMARY FOR APRIL 25 2015...

CLIMATE NORMAL PERIOD 1981 TO 2010
CLIMATE RECORD PERIOD 1948 TO 2015


WEATHER ITEM   OBSERVED TIME   RECORD YEAR NORMAL DEPARTURE LAST
                VALUE   (LST)  VALUE       VALUE  FROM      YEAR
                                                  NORMAL
..................................................................
TEMPERATURE (F)
 YESTERDAY
  MAXIMUM         65   1201 PM  94    1960  76    -11       79
  MINIMUM         47    156 AM  39    2005  53     -6       48
                                      1969
  AVERAGE         56                        64     -8       64

PRECIPITATION (IN)
  YESTERDAY        0.02          1.20 1978   0.11  -0.09     0.36
  MONTH TO DATE    2.02                      2.64  -0.62     3.91
  SINCE MAR 1      5.58                      7.03  -1.45     8.51
  SINCE JAN 1     13.95                     14.71  -0.76    15.04

SNOWFALL (IN)
  YESTERDAY       MM
  MONTH TO DATE    0.0
  SINCE NOV 1      3.0
  SINCE JUL 1      3.0
  SNOW DEPTH       0

DEGREE DAYS
 HEATING
  YESTERDAY        9                         3      6        1
  MONTH TO DATE   70                       138    -68      100
  SINCE MAR 1    422                       507    -85      558
  SINCE JUL 1   2665                      2653     12     2632

 COOLING
  YESTERDAY        0                         3     -3        0
  MONTH TO DATE   65                        42     23       43
  SINCE MAR 1     88                        53     35       46
  SINCE JAN 1     95                        56     39       51
..................................................................


WIND (MPH)
  HIGHEST WIND SPEED    15   HIGHEST WIND DIRECTION    SW (230)
  HIGHEST GUST SPEED    21   HIGHEST GUST DIRECTION    SW (240)
  AVERAGE WIND SPEED     4.7


SKY COVER
  POSSIBLE SUNSHINE  MM
  AVERAGE SKY COVER 0.7


WEATHER CONDITIONS
 THE FOLLOWING WEATHER WAS RECORDED YESTERDAY.
  LIGHT RAIN
  FOG


RELATIVE HUMIDITY (PERCENT)
 HIGHEST    90           800 PM
 LOWEST     63          1100 AM
 AVERAGE    77

..........................................................


THE NEW BERN NC CLIMATE NORMALS FOR TODAY
                         NORMAL    RECORD    YEAR
 MAXIMUM TEMPERATURE (F)   76        95      1990
 MINIMUM TEMPERATURE (F)   53        39      2001


SUNRISE AND SUNSET
APRIL 26 2015.........SUNRISE   623 AM EDT   SUNSET   750 PM EDT
APRIL 27 2015.........SUNRISE   622 AM EDT   SUNSET   750 PM EDT


-  INDICATES NEGATIVE NUMBERS.
R  INDICATES RECORD WAS SET OR TIED.
MM INDICATES DATA IS MISSING.
T  INDICATES TRACE AMOUNT.




$$
