000
CDUS42 KKEY 192048
CLIEYW

CLIMATE REPORT
NATIONAL WEATHER SERVICE KEY WEST, FL
447 PM EDT SUN APR 19 2015

...................................

...THE KEY WEST CLIMATE SUMMARY FOR APRIL 19 2015...
VALID TODAY AS OF 0400 PM LOCAL TIME.

CLIMATE NORMAL PERIOD 1981 TO 2010
CLIMATE RECORD PERIOD 1871 TO 2015


WEATHER ITEM   OBSERVED TIME   RECORD YEAR NORMAL DEPARTURE LAST
                VALUE   (LST)  VALUE       VALUE  FROM      YEAR
                                                  NORMAL
..................................................................
TEMPERATURE (F)
 TODAY
  MAXIMUM         85    223 PM  89    1934  82      3       81
  MINIMUM         79    652 AM  60    1997  72      7       73
  AVERAGE         82                        77      5       77

PRECIPITATION (IN)
  TODAY            0.00          1.12 1939   0.08  -0.08      T
  MONTH TO DATE    0.11                      1.33  -1.22     0.56
  SINCE MAR 1      1.59                      3.38  -1.79     4.34
  SINCE JAN 1      4.82                      6.91  -2.09    11.94

SNOWFALL (IN)
  TODAY            0.0
  MONTH TO DATE    0.0
  SINCE MAR 1      0.0
  SINCE JUL 1      0.0
  SNOW DEPTH       0

DEGREE DAYS
 HEATING
  TODAY            0                         0      0        0
  MONTH TO DATE    0                         0      0        0
  SINCE MAR 1      0                         7     -7        0
  SINCE JUL 1     27                        73    -46       22

 COOLING
  TODAY           17                        12      5       12
  MONTH TO DATE  285                       205     80      238
  SINCE MAR 1    657                       467    190      515
  SINCE JAN 1   1015                       815    200      941
..................................................................


WIND (MPH)
  HIGHEST WIND SPEED    17   HIGHEST WIND DIRECTION     S (160)
  HIGHEST GUST SPEED    21   HIGHEST GUST DIRECTION    SE (120)
  AVERAGE WIND SPEED    11.1


SKY COVER
  POSSIBLE SUNSHINE  MM
  AVERAGE SKY COVER 0.1


WEATHER CONDITIONS
 THE FOLLOWING WEATHER WAS RECORDED TODAY.
  NO SIGNIFICANT WEATHER WAS OBSERVED.


RELATIVE HUMIDITY (PERCENT)
 HIGHEST    85
 LOWEST     74
 AVERAGE    80

..........................................................


THE KEY WEST CLIMATE NORMALS FOR TOMORROW
                         NORMAL    RECORD    YEAR
 MAXIMUM TEMPERATURE (F)   82        89      1877
 MINIMUM TEMPERATURE (F)   72        61      1997


SUNRISE AND SUNSET
APRIL 19 2015.........SUNRISE   702 AM EDT   SUNSET   751 PM EDT
APRIL 20 2015.........SUNRISE   701 AM EDT   SUNSET   751 PM EDT


-  INDICATES NEGATIVE NUMBERS.
R  INDICATES RECORD WAS SET OR TIED.
MM INDICATES DATA IS MISSING.
T  INDICATES TRACE AMOUNT.




$$
