000
CDUS46 KHNX 280823
CLIFAT


CLIMATE REPORT
NATIONAL WEATHER SERVICE SAN JOAQUIN VALLEY, CA
122 AM PDT TUE APR 28 2015


...................................

...THE FRESNO CA CLIMATE SUMMARY FOR APRIL 27 2015...

CLIMATE NORMAL PERIOD 1981 TO 2010
CLIMATE RECORD PERIOD 1887 TO 2015


WEATHER ITEM   OBSERVED TIME   RECORD YEAR NORMAL DEPARTURE
                VALUE   (LST)  VALUE       VALUE  FROM
                                                  NORMAL
...............................................................
TEMPERATURE (F)
 YESTERDAY
  MAXIMUM         83    402 PM  98    2004  78      5
                                      1987
  MINIMUM         54    449 AM  36    1955  52      2
  AVERAGE         69                        65      4

PRECIPITATION (IN)
  YESTERDAY        0.00          0.94 1953   0.03  -0.03
  MONTH TO DATE    1.25                      0.88   0.37
  SINCE OCT 1      5.84                     10.60  -4.76
  SINCE JAN 1      2.65                      7.13  -4.48

SNOWFALL (IN)
  YESTERDAY        0.0
  MONTH TO DATE    0.0
  SINCE MAR 1      0.0
  SINCE JUL 1      0.0
  SNOW DEPTH       0

DEGREE DAYS
 HEATING
  YESTERDAY        0                               -2
  MONTH TO DATE   85                              -45
  SINCE MAR 1    168                             -227
  SINCE JUL 1   1494                             -813

 COOLING
  YESTERDAY        4                                1
  MONTH TO DATE   38                                0
  SINCE MAR 1     96                               53
  SINCE JAN 1     96                               53
...............................................................


WIND (MPH)
  HIGHEST WIND SPEED    10   HIGHEST WIND DIRECTION    SE (150)
  HIGHEST GUST SPEED    15   HIGHEST GUST DIRECTION     S (170)
  AVERAGE WIND SPEED     4.6




RELATIVE HUMIDITY (PERCENT)
 HIGHEST    83
 LOWEST     26
 AVERAGE    55

..........................................................


THE FRESNO CA CLIMATE NORMALS FOR TODAY
                         NORMAL    RECORD    YEAR
 MAXIMUM TEMPERATURE (F)   79        98      2007
 MINIMUM TEMPERATURE (F)   52        36      1970


SUNRISE AND SUNSET
APRIL 28 2015.........SUNRISE   609 AM PDT   SUNSET   745 PM PDT
APRIL 29 2015.........SUNRISE   607 AM PDT   SUNSET   746 PM PDT


-  INDICATES NEGATIVE NUMBERS.
R  INDICATES RECORD WAS SET OR TIED.
MM INDICATES DATA IS MISSING.
T  INDICATES TRACE AMOUNT.




$$
