000
CDUS42 KRAH 252050
CLIFAY


CLIMATE REPORT
NATIONAL WEATHER SERVICE RALEIGH NC
446 PM EDT SAT APR 25 2015


...................................

...THE FAYETTEVILLE REGL AIRPORT NC CLIMATE SUMMARY FOR APRIL 25 2015...
VALID TODAY AS OF 0400 PM LOCAL TIME.

CLIMATE NORMAL PERIOD 1981 TO 2010
CLIMATE RECORD PERIOD 1910 TO 2015


WEATHER ITEM   OBSERVED TIME   RECORD YEAR NORMAL DEPARTURE LAST
                VALUE   (LST)  VALUE       VALUE  FROM      YEAR
                                                  NORMAL
..................................................................
TEMPERATURE (F)
 TODAY
  MAXIMUM         63    339 PM  94    1925  77    -14       87
  MINIMUM         52   1241 AM  36    1969  53     -1       49
  AVERAGE         58                        65     -7       68

PRECIPITATION (IN)
  TODAY            0.13          2.40 1941   0.07   0.06     0.00
  MONTH TO DATE    2.43                      2.50  -0.07     2.58
  SINCE MAR 1      5.13                      6.05  -0.92     6.22
  SINCE JAN 1     12.78                     12.11   0.67    12.94

DEGREE DAYS
 HEATING
  TODAY            7                         3      4        0
  MONTH TO DATE   62                       125    -63      107
  SINCE MAR 1    403                       469    -66      604
  SINCE JUL 1   2899                      2694    205     2929

 COOLING
  TODAY            0                         3     -3        3
  MONTH TO DATE   75                        50     25       39
  SINCE MAR 1     92                        62     30       40
  SINCE JAN 1     92                        66     26       43
..................................................................


WIND (MPH)
  HIGHEST WIND SPEED    14   HIGHEST WIND DIRECTION    SW (230)
  HIGHEST GUST SPEED    17   HIGHEST GUST DIRECTION    SW (230)
  AVERAGE WIND SPEED     6.2


SKY COVER
  POSSIBLE SUNSHINE  MM
  AVERAGE SKY COVER 0.7


WEATHER CONDITIONS
 THE FOLLOWING WEATHER WAS RECORDED TODAY.
  LIGHT RAIN
  FOG


RELATIVE HUMIDITY (PERCENT)
 HIGHEST    93          1100 AM
 LOWEST     59          1200 AM
 AVERAGE    76

..........................................................


THE FAYETTEVILLE REGL AIRPORT NC CLIMATE NORMALS FOR TOMORROW
                         NORMAL    RECORD    YEAR
 MAXIMUM TEMPERATURE (F)   78        93      1960
 MINIMUM TEMPERATURE (F)   53        32      1919


SUNRISE AND SUNSET
APRIL 25 2015.........SUNRISE   632 AM EDT   SUNSET   756 PM EDT
APRIL 26 2015.........SUNRISE   630 AM EDT   SUNSET   757 PM EDT


-  INDICATES NEGATIVE NUMBERS.
R  INDICATES RECORD WAS SET OR TIED.
MM INDICATES DATA IS MISSING.
T  INDICATES TRACE AMOUNT.




$$
