000
CDUS43 KFGF 280632
CLIFGF


CLIMATE REPORT
NATIONAL WEATHER SERVICE EASTERN NORTH DAKOTA/GRAND FORKS
131 AM CDT TUE APR 28 2015


...................................

...THE GRAND FORKS UNIV. (NWS) ND CLIMATE SUMMARY FOR APRIL 27 2015...

CLIMATE NORMAL PERIOD 1981 TO 2010
CLIMATE RECORD PERIOD 1890 TO 2015


WEATHER ITEM   OBSERVED TIME   RECORD YEAR NORMAL DEPARTURE LAST
                VALUE   (LST)  VALUE       VALUE  FROM      YEAR
                                                  NORMAL
..................................................................
TEMPERATURE (F)
 YESTERDAY
  MAXIMUM         68        MM  95    1952  61      7       44
  MINIMUM         39        MM   7    1909  36      3       37
  AVERAGE         54                        49      5       41

PRECIPITATION (IN)
  YESTERDAY        0.04          0.95   MM   0.04   0.00     0.32
  MONTH TO DATE    0.54                      0.83  -0.29     1.19
  SINCE MAR 1      0.88                      1.85  -0.97     2.30
  SINCE JAN 1      1.41                      3.15  -1.74     3.03

SNOWFALL (IN)
  YESTERDAY        0.0           1.0    MM   0.1   -0.1      0.0
  MONTH TO DATE    0.3                       1.0   -0.7      1.1
  SINCE MAR 1      3.0                       7.4   -4.4     14.6
  SINCE JUL 1     19.3                      42.7  -23.4     60.3
  SNOW DEPTH       0

DEGREE DAYS
 HEATING
  YESTERDAY       11                        16     -5       24
  MONTH TO DATE  556                       616    -60      743
  SINCE MAR 1   1583                      1822   -239     2179
  SINCE JUL 1   8432                      8782   -350     9925

 COOLING
  YESTERDAY        0                         0      0        0
  MONTH TO DATE    0                         0      0        0
  SINCE MAR 1      0                         0      0        0
  SINCE JAN 1      0                         0      0        0
..................................................................


WIND (MPH)
  RESULTANT WIND SPEED  MM   RESULTANT WIND DIRECTION  MM
  HIGHEST WIND SPEED    MM   HIGHEST WIND DIRECTION    MM
  HIGHEST GUST SPEED    MM   HIGHEST GUST DIRECTION    MM
  AVERAGE WIND SPEED    MM


SKY COVER
  POSSIBLE SUNSHINE  MM
  AVERAGE SKY COVER  MM


WEATHER CONDITIONS
 THE FOLLOWING WEATHER WAS RECORDED YESTERDAY.
  NO SIGNIFICANT WEATHER WAS OBSERVED.


RELATIVE HUMIDITY (PERCENT)
 HIGHEST    MM
 LOWEST     MM
 AVERAGE    MM

..........................................................


THE GRAND FORKS UNIV. (NWS) ND CLIMATE NORMALS FOR TODAY
                         NORMAL    RECORD    YEAR
 MAXIMUM TEMPERATURE (F)   62        90      1952
 MINIMUM TEMPERATURE (F)   37        15      1958


SUNRISE AND SUNSET
APRIL 28 2015.........SUNRISE   616 AM CDT   SUNSET   837 PM CDT
APRIL 29 2015.........SUNRISE   614 AM CDT   SUNSET   838 PM CDT


-  INDICATES NEGATIVE NUMBERS.
R  INDICATES RECORD WAS SET OR TIED.
MM INDICATES DATA IS MISSING.
T  INDICATES TRACE AMOUNT.




$$
