000
CDUS44 KTSA 250802
CLIFSM

CLIMATE REPORT
NATIONAL WEATHER SERVICE TULSA OK
147 AM CDT SAT APR 25 2015


...................................

...THE FORT SMITH ARKANSAS CLIMATE SUMMARY FOR APRIL 24 2015...

CLIMATE NORMAL PERIOD 1981 TO 2010
CLIMATE RECORD PERIOD 1882 TO 2015


WEATHER ITEM   OBSERVED TIME   RECORD YEAR NORMAL DEPARTURE LAST
                VALUE   (LST)  VALUE       VALUE  FROM      YEAR
                                                  NORMAL
..................................................................
TEMPERATURE (F)
 YESTERDAY
  MAXIMUM         64    643 PM  90    1989  76    -12       77
                                      1965
  MINIMUM         55    548 AM  36    2005  52      3       52
                                      1887
  AVERAGE         60                        64     -4       65

PRECIPITATION (IN)
  YESTERDAY        0.07          2.47 1942   0.15  -0.08     0.36
  MONTH TO DATE    3.64                      3.33   0.31     2.53
  SINCE MAR 1      8.14                      7.18   0.96     6.38
  SINCE JAN 1     12.75                     12.75   0.00     8.15

SNOWFALL (IN)
  YESTERDAY        0.0                                       0.0
  MONTH TO DATE    0.0                                       0.0
  SINCE MAR 1      1.0                                       0.5
  SINCE JUL 1      6.6                                      10.7

DEGREE DAYS
 HEATING
  YESTERDAY        5                         3      2        0
  MONTH TO DATE   73                       139    -66      124
  SINCE MAR 1    464                       525    -61      583
  SINCE JUL 1   3278                      3198     80     3528

 COOLING
  YESTERDAY        0                         2     -2        0
  MONTH TO DATE   45                        38      7       38
  SINCE MAR 1     60                        49     11       38
  SINCE JAN 1     60                        50     10       38
..................................................................


WIND (MPH)
  HIGHEST WIND SPEED    15   HIGHEST WIND DIRECTION     E (70)
  HIGHEST GUST SPEED    18   HIGHEST GUST DIRECTION     E (80)
  AVERAGE WIND SPEED     8.5


SKY COVER
  POSSIBLE SUNSHINE  MM
  AVERAGE SKY COVER 0.5


WEATHER CONDITIONS
 THE FOLLOWING WEATHER WAS RECORDED YESTERDAY.
  LIGHT RAIN
  FOG


RELATIVE HUMIDITY (PERCENT)
 HIGHEST    90           700 PM
 LOWEST     57           700 AM
 AVERAGE    74

..........................................................


THE FORT SMITH ARKANSAS CLIMATE NORMALS FOR TODAY
                         NORMAL    RECORD    YEAR
 MAXIMUM TEMPERATURE (F)   76        89      2012
 MINIMUM TEMPERATURE (F)   53        35      1910


SUNRISE AND SUNSET
APRIL 25 2015.........SUNRISE   633 AM CDT   SUNSET   758 PM CDT
APRIL 26 2015.........SUNRISE   632 AM CDT   SUNSET   759 PM CDT


-  INDICATES NEGATIVE NUMBERS.
R  INDICATES RECORD WAS SET OR TIED.
MM INDICATES DATA IS MISSING.
T  INDICATES TRACE AMOUNT.




$$

&&
...........................................................

THE ARKANSAS RIVER AT VAN BUREN

                   OBSERVED      24 HOUR     24 HOUR
                    VALUE        CHANGE      FORECAST

 STAGE (FEET)
  THIS MORNING       20.0         +0.6

MEAN FLOW (CFS)
  TODAY                                        35800
...........................................................
ALL DATA MEASURED AT THE FORT SMITH REGIONAL AIRPORT
