000
CDUS46 KSGX 251420
CLIFUL


CLIMATE REPORT
NATIONAL WEATHER SERVICE SAN DIEGO, CA
720 AM PDT SAT APR 25 2015


...................................

...THE FULLERTON AIRPORT CA CLIMATE SUMMARY FOR APRIL 24 2015...

CLIMATE NORMAL PERIOD 1981 TO 2010
CLIMATE RECORD PERIOD 1998 TO 2015


WEATHER ITEM   OBSERVED TIME   RECORD YEAR NORMAL DEPARTURE LAST
                VALUE   (LST)  VALUE       VALUE  FROM      YEAR
                                                  NORMAL
..................................................................
TEMPERATURE (F)
 YESTERDAY
  MAXIMUM         67    221 PM  94    2001  74     -7       79
  MINIMUM         57    534 AM  49    2006  54      3       54
  AVERAGE         62                        64     -2       67

PRECIPITATION (IN)
  YESTERDAY        T             0.26 2005   0.03  -0.03     0.00
  MONTH TO DATE    0.21                      0.71  -0.50     0.22
  SINCE OCT 1      5.54                     13.05  -7.51     4.57
  SINCE JAN 1      1.72                      9.15  -7.43     3.26

SNOWFALL (IN)
  YESTERDAY        0.0
  MONTH TO DATE    0.0
  SINCE MAR 1      0.0
  SINCE JUL 1      0.0
  SNOW DEPTH       0

DEGREE DAYS
 HEATING
  YESTERDAY        3                         3      0        0
  MONTH TO DATE   26                        89    -63       31
  SINCE MAR 1     59                       259   -200       84
  SINCE JUL 1    422                      1181   -759      582

 COOLING
  YESTERDAY        0                         1     -1        2
  MONTH TO DATE   43                        21     22       60
  SINCE MAR 1    193                        34    159       95
  SINCE JAN 1    244                        43    201      115
..................................................................


WIND (MPH)
  RESULTANT WIND SPEED   2   RESULTANT WIND DIRECTION   S (200)
  HIGHEST WIND SPEED    12   HIGHEST WIND DIRECTION     S (200)
  HIGHEST GUST SPEED    20   HIGHEST GUST DIRECTION     S (180)
  AVERAGE WIND SPEED     3.5


SKY COVER
  POSSIBLE SUNSHINE  MM
  AVERAGE SKY COVER 0.9


WEATHER CONDITIONS
 THE FOLLOWING WEATHER WAS RECORDED YESTERDAY.
  LIGHT RAIN


RELATIVE HUMIDITY (PERCENT)
 HIGHEST    80           600 AM
 LOWEST     52           100 PM
 AVERAGE    66

..........................................................


THE FULLERTON AIRPORT CA CLIMATE NORMALS FOR TODAY
                         NORMAL    RECORD    YEAR
 MAXIMUM TEMPERATURE (F)   74        93      2004
 MINIMUM TEMPERATURE (F)   54        50      2009


SUNRISE AND SUNSET
APRIL 25 2015.........SUNRISE   610 AM PDT   SUNSET   731 PM PDT
APRIL 26 2015.........SUNRISE   608 AM PDT   SUNSET   731 PM PDT


-  INDICATES NEGATIVE NUMBERS.
R  INDICATES RECORD WAS SET OR TIED.
MM INDICATES DATA IS MISSING.
T  INDICATES TRACE AMOUNT.




$$
