000
CDUS43 KIWX 030521
CLIFWA


CLIMATE REPORT
NATIONAL WEATHER SERVICE NORTHERN INDIANA
121 AM EDT SUN MAY 3 2015


...................................

...THE FORT WAYNE CLIMATE SUMMARY FOR MAY 2 2015...

CLIMATE NORMAL PERIOD 1981 TO 2010
CLIMATE RECORD PERIOD 1897 TO 2015


WEATHER ITEM   OBSERVED TIME   RECORD YEAR NORMAL DEPARTURE LAST
                VALUE   (LST)  VALUE       VALUE  FROM      YEAR
                                                  NORMAL
..................................................................
TEMPERATURE (F)
 YESTERDAY
  MAXIMUM         75    347 PM  88    1959  67      8       54
  MINIMUM         45    626 AM  30    1903  45      0       45
  AVERAGE         60                        56      4       50

PRECIPITATION (IN)
  YESTERDAY        0.00          0.81 1929   0.11  -0.11      T
  MONTH TO DATE    0.00                      0.22  -0.22      T
  SINCE MAR 1      5.35                      6.45  -1.10     5.89
  SINCE JAN 1      9.12                     10.75  -1.63    12.13

SNOWFALL (IN)
  YESTERDAY        0.0           0.5  1940   0.0    0.0      0.0
  MONTH TO DATE    0.0                       0.0    0.0      0.0
  SINCE MAR 1      8.6                       5.1    3.5     14.3
  SINCE JUL 1     45.1                      33.5   11.6     76.1
  SNOW DEPTH       0

DEGREE DAYS
 HEATING
  YESTERDAY        5                        10     -5       15
  MONTH TO DATE   13                        20     -7       34
  SINCE MAR 1   1402                      1304     98     1550
  SINCE JUL 1   6551                      5902    649     6803

 COOLING
  YESTERDAY        0                         0      0        0
  MONTH TO DATE    0                         0      0        0
  SINCE MAR 1      0                         8     -8        1
  SINCE JAN 1      0                         8     -8        1
..................................................................


WIND (MPH)
  HIGHEST WIND SPEED    15   HIGHEST WIND DIRECTION     W (250)
  HIGHEST GUST SPEED    22   HIGHEST GUST DIRECTION    SW (230)
  AVERAGE WIND SPEED     5.8


SKY COVER
  AVERAGE SKY COVER 0.5


WEATHER CONDITIONS
 THE FOLLOWING WEATHER WAS RECORDED YESTERDAY.
  NO SIGNIFICANT WEATHER WAS OBSERVED.


RELATIVE HUMIDITY (PERCENT)
 HIGHEST    82           400 AM
 LOWEST     29           400 PM
 AVERAGE    56

..........................................................


THE FORT WAYNE CLIMATE NORMALS FOR TODAY
                         NORMAL    RECORD    YEAR
 MAXIMUM TEMPERATURE (F)   68        87      2012
                                             1955
                                             1928
 MINIMUM TEMPERATURE (F)   45        30      1967


SUNRISE AND SUNSET
MAY  3 2015...........SUNRISE   637 AM EDT   SUNSET   839 PM EDT
MAY  4 2015...........SUNRISE   635 AM EDT   SUNSET   840 PM EDT


-  INDICATES NEGATIVE NUMBERS.
R  INDICATES RECORD WAS SET OR TIED.
MM INDICATES DATA IS MISSING.
T  INDICATES TRACE AMOUNT.




$$
