000
CDUS43 KDDC 062328
CLIGCK


CLIMATE REPORT
NATIONAL WEATHER SERVICE DODGE CITY KS
627 PM CDT WED MAY 6 2015


...................................

...THE GARDEN CITY REGIONAL ARPT KS CLIMATE SUMMARY FOR MAY 6 2015...
VALID TODAY AS OF 0500 PM LOCAL TIME.

CLIMATE NORMAL PERIOD 1981 TO 2010
CLIMATE RECORD PERIOD 1948 TO 2015


WEATHER ITEM   OBSERVED TIME   RECORD YEAR NORMAL DEPARTURE LAST
                VALUE   (LST)  VALUE       VALUE  FROM      YEAR
                                                  NORMAL
..................................................................
TEMPERATURE (F)
 TODAY
  MAXIMUM         79    347 PM  96    2014  74      5       96
  MINIMUM         49    605 AM  33    1989  47      2       43
  AVERAGE         64                        60      4       70

PRECIPITATION (IN)
  TODAY            0.00          0.50 1969   0.08  -0.08     0.00
  MONTH TO DATE    1.73                      0.45   1.28     0.00
  SINCE MAR 1      2.41                      3.63  -1.22     0.51
  SINCE JAN 1      3.18                      4.51  -1.33     0.67

DEGREE DAYS
 HEATING
  TODAY            1                         6     -5        0
  MONTH TO DATE    9                        41    -32       27
  SINCE MAR 1    889                      1079   -190     1122
  SINCE JUL 1   4797                      5103   -306     5298

 COOLING
  TODAY            0                         1     -1        5
  MONTH TO DATE   13                         6      7       18
  SINCE MAR 1     20                        18      2       39
  SINCE JAN 1     20                        18      2       39
..................................................................


WIND (MPH)
  HIGHEST WIND SPEED    29   HIGHEST WIND DIRECTION     S (200)
  HIGHEST GUST SPEED    35   HIGHEST GUST DIRECTION     S (200)
  AVERAGE WIND SPEED    16.9



WEATHER CONDITIONS
 THE FOLLOWING WEATHER WAS RECORDED TODAY.
  FOG


RELATIVE HUMIDITY (PERCENT)
 HIGHEST   100          1200 AM
 LOWEST     42           300 PM
 AVERAGE    71

..........................................................


THE GARDEN CITY REGIONAL ARPT KS CLIMATE NORMALS FOR TOMORROW
                         NORMAL    RECORD    YEAR
 MAXIMUM TEMPERATURE (F)   74        93      2014
                                             1989
 MINIMUM TEMPERATURE (F)   47        32      1999


SUNRISE AND SUNSET
MAY  6 2015...........SUNRISE   642 AM CDT   SUNSET   838 PM CDT
MAY  7 2015...........SUNRISE   640 AM CDT   SUNSET   839 PM CDT


-  INDICATES NEGATIVE NUMBERS.
R  INDICATES RECORD WAS SET OR TIED.
MM INDICATES DATA IS MISSING.
T  INDICATES TRACE AMOUNT.




$$
