000
CDUS41 KPHI 050629
CLIGED


CLIMATE REPORT
NATIONAL WEATHER SERVICE MOUNT HOLLY NJ
228 AM EDT TUE MAY 5 2015


...................................

...THE GEORGETOWN DE CLIMATE SUMMARY FOR MAY 4 2015...

CLIMATE NORMAL PERIOD 1981 TO 2010
CLIMATE RECORD PERIOD 1948 TO 2015


WEATHER ITEM   OBSERVED TIME   RECORD YEAR NORMAL DEPARTURE LAST
                VALUE   (LST)  VALUE       VALUE  FROM      YEAR
                                                  NORMAL
..................................................................
TEMPERATURE (F)
 YESTERDAY
  MAXIMUM         84    136 PM  89    2001  70     14       77
                                      1965
  MINIMUM         49    508 AM  30    1957  49      0       47
  AVERAGE         67                        59      8       62

PRECIPITATION (IN)
  YESTERDAY        0.00          1.60 1972   0.10  -0.10     0.00
  MONTH TO DATE    0.24                      0.35  -0.11     0.24
  SINCE MAR 1      6.96                      8.03  -1.07     7.11
  SINCE JAN 1     13.79                     13.74   0.05    14.29

SNOWFALL (IN)
  YESTERDAY       MM            MM      MM  MM     MM       MM
  MONTH TO DATE   MM                        MM     MM       MM
  SINCE MAR 1     MM                        MM     MM       MM
  SINCE JUL 1     MM                        MM     MM       MM
  SNOW DEPTH      MM

DEGREE DAYS
 HEATING
  YESTERDAY        0                         7     -7        3
  MONTH TO DATE   27                        29     -2       10
  SINCE MAR 1   1092                      1009     83     1088
  SINCE JUL 1   4580                      4289    291     4443

 COOLING
  YESTERDAY        2                         1      1        0
  MONTH TO DATE    2                         4     -2        6
  SINCE MAR 1      7                        24    -17       18
  SINCE JAN 1      7                        24    -17       18
..................................................................


WIND (MPH)
  HIGHEST WIND SPEED    25   HIGHEST WIND DIRECTION     S (190)
  HIGHEST GUST SPEED    30   HIGHEST GUST DIRECTION     S (180)
  AVERAGE WIND SPEED    11.3


SKY COVER
  POSSIBLE SUNSHINE  MM
  AVERAGE SKY COVER 0.1


WEATHER CONDITIONS
 THE FOLLOWING WEATHER WAS RECORDED YESTERDAY.
  NO SIGNIFICANT WEATHER WAS OBSERVED.


RELATIVE HUMIDITY (PERCENT)
 HIGHEST    83           300 AM
 LOWEST     20           300 PM
 AVERAGE    52

..........................................................


THE GEORGETOWN DE CLIMATE NORMALS FOR TODAY
                         NORMAL    RECORD    YEAR
 MAXIMUM TEMPERATURE (F)   70        90      1955
 MINIMUM TEMPERATURE (F)   49        32      1966


SUNRISE AND SUNSET
MAY  5 2015...........SUNRISE   600 AM EDT   SUNSET   757 PM EDT
MAY  6 2015...........SUNRISE   559 AM EDT   SUNSET   758 PM EDT


-  INDICATES NEGATIVE NUMBERS.
R  INDICATES RECORD WAS SET OR TIED.
MM INDICATES DATA IS MISSING.
T  INDICATES TRACE AMOUNT.




$$
