000
CDUS46 KOTX 180832
CLIGEG


CLIMATE REPORT
NATIONAL WEATHER SERVICE SPOKANE, WA
131 AM PDT SAT APR 18 2015


...................................

...THE SPOKANE WA AIRPORT CLIMATE SUMMARY FOR APRIL 17 2015...

CLIMATE NORMAL PERIOD 1981 TO 2010
CLIMATE RECORD PERIOD 1881 TO 2015


WEATHER ITEM   OBSERVED TIME   RECORD YEAR NORMAL DEPARTURE LAST
                VALUE   (LST)  VALUE       VALUE  FROM      YEAR
                                                  NORMAL
..................................................................
TEMPERATURE (F)
 YESTERDAY
  MAXIMUM         69    417 PM  86    1936  57     12       50
  MINIMUM         37    421 AM  21    2013  37      0       43
                                      1968
  AVERAGE         53                        47      6       47

PRECIPITATION (IN)
  YESTERDAY        0.00          0.50 1948   0.04  -0.04     0.34
  MONTH TO DATE    0.51                      0.76  -0.25     0.47
  SINCE OCT 1     10.62                     11.27  -0.65     8.50
  SINCE JAN 1      5.89                      5.49   0.40     6.17

SNOWFALL (IN)
  YESTERDAY        0.0           0.3  1963   0.0    0.0      0.0
  MONTH TO DATE    1.0                       0.8    0.2      0.0
  SINCE MAR 1      1.9                       4.3   -2.4      5.8
  SINCE JUL 1     17.6                      44.6  -27.0     37.6
  SNOW DEPTH       0

DEGREE DAYS
 HEATING
  YESTERDAY       12                        18     -6       18
  MONTH TO DATE  352                       329     23      301
  SINCE MAR 1    949                      1096   -147     1081
  SINCE JUL 1   5071                      5925   -854     6124

 COOLING
  YESTERDAY        0                         0      0        0
  MONTH TO DATE    0                         0      0        0
  SINCE MAR 1      0                         0      0        0
  SINCE JAN 1      0                         0      0        0
..................................................................


WIND (MPH)
  HIGHEST WIND SPEED    17   HIGHEST WIND DIRECTION     W (260)
  HIGHEST GUST SPEED    22   HIGHEST GUST DIRECTION     W (260)
  AVERAGE WIND SPEED     6.8


SKY COVER
  POSSIBLE SUNSHINE  MM
  AVERAGE SKY COVER 0.2


WEATHER CONDITIONS
 THE FOLLOWING WEATHER WAS RECORDED YESTERDAY.
  NO SIGNIFICANT WEATHER WAS OBSERVED.


RELATIVE HUMIDITY (PERCENT)
 HIGHEST    79           600 AM
 LOWEST     26           400 PM
 AVERAGE    53

..........................................................


THE SPOKANE WA AIRPORT CLIMATE NORMALS FOR TODAY
                         NORMAL    RECORD    YEAR
 MAXIMUM TEMPERATURE (F)   58        84      1910
 MINIMUM TEMPERATURE (F)   37        22      1966


SUNRISE AND SUNSET
APRIL 18 2015.........SUNRISE   556 AM PDT   SUNSET   744 PM PDT
APRIL 19 2015.........SUNRISE   554 AM PDT   SUNSET   745 PM PDT


-  INDICATES NEGATIVE NUMBERS.
R  INDICATES RECORD WAS SET OR TIED.
MM INDICATES DATA IS MISSING.
T  INDICATES TRACE AMOUNT.




$$
