000
CDUS43 KFGF 210638
CLIGFK


CLIMATE REPORT
NATIONAL WEATHER SERVICE EASTERN NORTH DAKOTA/GRAND FORKS
137 AM CDT TUE APR 21 2015


...................................

...THE GRAND FORKS INTL AP ND CLIMATE SUMMARY FOR APRIL 20 2015...

CLIMATE NORMAL PERIOD 1981 TO 2010
CLIMATE RECORD PERIOD 1941 TO 2015


WEATHER ITEM   OBSERVED TIME   RECORD YEAR NORMAL DEPARTURE LAST
                VALUE   (LST)  VALUE       VALUE  FROM      YEAR
                                                  NORMAL
..................................................................
TEMPERATURE (F)
 YESTERDAY
  MAXIMUM         38    353 PM  90    1980  57    -19       72
  MINIMUM         32    628 AM  17    1981  32      0       27
  AVERAGE         35                        44     -9       50

PRECIPITATION (IN)
  YESTERDAY        T             1.35 1974   0.03  -0.03      T
  MONTH TO DATE    0.55                      0.58  -0.03     0.21
  SINCE MAR 1      0.86                      1.54  -0.68     1.14
  SINCE JAN 1      1.68                      2.61  -0.93     2.21

SNOWFALL (IN)
  YESTERDAY        T             1.1  1970   0.1   -0.1      0.0
  MONTH TO DATE    0.6                       2.1   -1.5      1.1
  SINCE MAR 1      2.7                       9.3   -6.6     14.6
  SINCE JUL 1     17.0                      46.5  -29.5     60.3
  SNOW DEPTH       0

DEGREE DAYS
 HEATING
  YESTERDAY       30                        21      9       15
  MONTH TO DATE  436                       514    -78      604
  SINCE MAR 1   1483                      1749   -266     2059
  SINCE JUL 1   8400                      8899   -499     9954

 COOLING
  YESTERDAY        0                         0      0        0
  MONTH TO DATE    0                         0      0        0
  SINCE MAR 1      0                         0      0        0
  SINCE JAN 1      0                         0      0        0
..................................................................


WIND (MPH)
  HIGHEST WIND SPEED    36   HIGHEST WIND DIRECTION    NW (330)
  HIGHEST GUST SPEED    45   HIGHEST GUST DIRECTION    NW (330)
  AVERAGE WIND SPEED    21.6


SKY COVER
  POSSIBLE SUNSHINE  MM
  AVERAGE SKY COVER 1.0


WEATHER CONDITIONS
 THE FOLLOWING WEATHER WAS RECORDED YESTERDAY.
  LIGHT SNOW
  FOG


RELATIVE HUMIDITY (PERCENT)
 HIGHEST    89           300 PM
 LOWEST     69           500 AM
 AVERAGE    79

..........................................................


THE GRAND FORKS INTL AP ND CLIMATE NORMALS FOR TODAY
                         NORMAL    RECORD    YEAR
 MAXIMUM TEMPERATURE (F)   58       100      1980
 MINIMUM TEMPERATURE (F)   32        13      1945


SUNRISE AND SUNSET
APRIL 21 2015.........SUNRISE   629 AM CDT   SUNSET   827 PM CDT
APRIL 22 2015.........SUNRISE   627 AM CDT   SUNSET   829 PM CDT


-  INDICATES NEGATIVE NUMBERS.
R  INDICATES RECORD WAS SET OR TIED.
MM INDICATES DATA IS MISSING.
T  INDICATES TRACE AMOUNT.




$$
