000
CDUS42 KGSP 030633 RRA
CLIGSP

CLIMATE REPORT
NATIONAL WEATHER SERVICE GREENVILLE-SPARTANBURG SC
231 AM EDT SUN MAY 3 2015


...................................

...THE GREENVILLE-SPARTANBURG SC CLIMATE SUMMARY FOR MAY 2 2015...

CLIMATE NORMAL PERIOD 1981 TO 2010
CLIMATE RECORD PERIOD 1884 TO 2015


WEATHER ITEM   OBSERVED TIME   RECORD YEAR NORMAL DEPARTURE LAST
                VALUE   (LST)  VALUE       VALUE  FROM      YEAR
                                                  NORMAL
..................................................................
TEMPERATURE (F)
 YESTERDAY
  MAXIMUM         77    415 PM  91    1887  77      0       71
  MINIMUM         48    231 AM  38    1963  53     -5       50
                                      1908
  AVERAGE         63                        65     -2       61

PRECIPITATION (IN)
  YESTERDAY        0.00          1.59 2000   0.12  -0.12     0.00
  MONTH TO DATE    0.00                      0.24  -0.24     0.00
  SINCE MAR 1      8.27                      8.12   0.15     9.14
  SINCE JAN 1     15.59                     15.91  -0.32    15.38

SNOWFALL (IN)
  YESTERDAY        0.0           0.0    MM   0.0    0.0      0.0
  MONTH TO DATE    0.0                       0.0    0.0      0.0
  SINCE MAR 1      0.0                       0.9   -0.9       T
  SINCE JUL 1      3.7                       4.7   -1.0      7.2
  SNOW DEPTH       0

DEGREE DAYS
 HEATING
  YESTERDAY        2                         3     -1        4
  MONTH TO DATE    8                         6      2        6
  SINCE MAR 1    403                       563   -160      619
  SINCE JUL 1   3017                      3012      5     3178

 COOLING
  YESTERDAY        0                         2     -2        0
  MONTH TO DATE    0                         4     -4        0
  SINCE MAR 1     56                        52      4       42
  SINCE JAN 1     56                        52      4       42
..................................................................


WIND (MPH)
  HIGHEST WIND SPEED    14   HIGHEST WIND DIRECTION    SW (210)
  HIGHEST GUST SPEED    16   HIGHEST GUST DIRECTION     N (350)
  AVERAGE WIND SPEED     4.2


SKY COVER
  POSSIBLE SUNSHINE  MM
  AVERAGE SKY COVER 0.1


WEATHER CONDITIONS
 THE FOLLOWING WEATHER WAS RECORDED YESTERDAY.
  NO SIGNIFICANT WEATHER WAS OBSERVED.


RELATIVE HUMIDITY (PERCENT)
 HIGHEST    80           400 AM
 LOWEST     25           400 PM
 AVERAGE    53

..........................................................


THE GREENVILLE-SPARTANBURG SC CLIMATE NORMALS FOR TODAY
                         NORMAL    RECORD    YEAR
 MAXIMUM TEMPERATURE (F)   77        91      1959
                                             1887
 MINIMUM TEMPERATURE (F)   53        27      1885


SUNRISE AND SUNSET
MAY  3 2015...........SUNRISE   636 AM EDT   SUNSET   816 PM EDT
MAY  4 2015...........SUNRISE   635 AM EDT   SUNSET   816 PM EDT


-  INDICATES NEGATIVE NUMBERS.
R  INDICATES RECORD WAS SET OR TIED.
MM INDICATES DATA IS MISSING.
T  INDICATES TRACE AMOUNT.

$$
