000
CDUS45 KTFX 270934
CLIGTF


CLIMATE REPORT
NATIONAL WEATHER SERVICE GREAT FALLS MT
333 AM MDT MON APR 27 2015


...................................

...THE GREAT FALLS MT CLIMATE SUMMARY FOR APRIL 26 2015...

CLIMATE NORMAL PERIOD 1981 TO 2010
CLIMATE RECORD PERIOD 1886 TO 2015


WEATHER ITEM   OBSERVED TIME   RECORD YEAR NORMAL DEPARTURE LAST
                VALUE   (LST)  VALUE       VALUE  FROM      YEAR
                                                  NORMAL
..................................................................
TEMPERATURE (F)
 YESTERDAY
  MAXIMUM         47    259 PM  88    1910  59    -12       43
  MINIMUM         29    910 PM  19    1960  33     -4       31
  AVERAGE         38                        46     -8       37

PRECIPITATION (IN)
  YESTERDAY        0.00          1.38 1975   0.05  -0.05     0.23
  MONTH TO DATE    0.89                      1.21  -0.32     1.76
  SINCE OCT 1      5.33                      5.10   0.23     7.54
  SINCE JAN 1      2.38                      3.10  -0.72     5.49

SNOWFALL (IN)
  YESTERDAY        0.0           6.7  1976   0.2   -0.2       T
  MONTH TO DATE    0.8                       7.7   -6.9      2.4
  SINCE MAR 1      1.6                      19.6  -18.0     15.2
  SINCE JUL 1     57.9                      59.6   -1.7     72.7
  SNOW DEPTH       0

DEGREE DAYS
 HEATING
  YESTERDAY       27                        19      8       28
  MONTH TO DATE  572                       585    -13      563
  SINCE MAR 1   1228                      1538   -310     1647
  SINCE JUL 1   6366                      7043   -677     7301

 COOLING
  YESTERDAY        0                         0      0        0
  MONTH TO DATE    0                         0      0        0
  SINCE MAR 1      0                         0      0        0
  SINCE JAN 1      0                         0      0        0
..................................................................


WIND (MPH)
  HIGHEST WIND SPEED    18   HIGHEST WIND DIRECTION    NE (30)
  HIGHEST GUST SPEED    22   HIGHEST GUST DIRECTION     N (20)
  AVERAGE WIND SPEED     7.9


SKY COVER
  AVERAGE SKY COVER 0.8


WEATHER CONDITIONS
 THE FOLLOWING WEATHER WAS RECORDED YESTERDAY.
  NO SIGNIFICANT WEATHER WAS OBSERVED.


RELATIVE HUMIDITY (PERCENT)
 HIGHEST    92           900 PM
 LOWEST     53           300 PM
 AVERAGE    73

..........................................................


THE GREAT FALLS MT CLIMATE NORMALS FOR TODAY
                         NORMAL    RECORD    YEAR
 MAXIMUM TEMPERATURE (F)   59        85      1987
 MINIMUM TEMPERATURE (F)   33        17      1984


SUNRISE AND SUNSET
APRIL 27 2015.........SUNRISE   616 AM MDT   SUNSET   832 PM MDT
APRIL 28 2015.........SUNRISE   614 AM MDT   SUNSET   833 PM MDT


-  INDICATES NEGATIVE NUMBERS.
R  INDICATES RECORD WAS SET OR TIED.
MM INDICATES DATA IS MISSING.
T  INDICATES TRACE AMOUNT.




$$
