000
CDUS41 KLWX 260533
CLIHGR


CLIMATE REPORT
NATIONAL WEATHER SERVICE BALTIMORE MD/WASHINGTON DC
132 AM EDT SUN APR 26 2015


...................................

...THE HAGERSTOWN MD CLIMATE SUMMARY FOR APRIL 25 2015...

CLIMATE NORMAL PERIOD 1981 TO 2010
CLIMATE RECORD PERIOD 9999 TO 9999


WEATHER ITEM   OBSERVED TIME   RECORD YEAR NORMAL DEPARTURE LAST
                VALUE   (LST)  VALUE       VALUE  FROM      YEAR
                                                  NORMAL
..................................................................
TEMPERATURE (F)
 YESTERDAY
  MAXIMUM         52    508 PM  MM      MM  66    -14       66
  MINIMUM         39    252 AM  MM      MM  46     -7       44
  AVERAGE         46                        56    -10       55

PRECIPITATION (IN)
  YESTERDAY        0.00         MM      MM   0.11  -0.11     0.05
  MONTH TO DATE    2.89                      3.02  -0.13     1.27
  SINCE MAR 1      5.19                      6.40  -1.21     2.94
  SINCE JAN 1      7.47                     11.63  -4.16     6.72

DEGREE DAYS
 HEATING
  YESTERDAY       19                        10      9       10
  MONTH TO DATE  244                       337    -93      330
  SINCE MAR 1   1025                      1066    -41     1189
  SINCE JUL 1   5031                      4969     62     5204

 COOLING
  YESTERDAY        0                         1     -1        0
  MONTH TO DATE    2                         7     -5       10
  SINCE MAR 1      2                         8     -6       10
  SINCE JAN 1      2                         8     -6       10
..................................................................


WIND (MPH)
  HIGHEST WIND SPEED    12   HIGHEST WIND DIRECTION     S (190)
  HIGHEST GUST SPEED    16   HIGHEST GUST DIRECTION     S (200)
  AVERAGE WIND SPEED     4.9


SKY COVER
  POSSIBLE SUNSHINE  MM
  AVERAGE SKY COVER 0.6


WEATHER CONDITIONS
 THE FOLLOWING WEATHER WAS RECORDED YESTERDAY.
  NO SIGNIFICANT WEATHER WAS OBSERVED.


RELATIVE HUMIDITY (PERCENT)
 HIGHEST    70           900 PM
 LOWEST     29           100 AM
 AVERAGE    50

..........................................................


THE HAGERSTOWN MD CLIMATE NORMALS FOR TODAY
                         NORMAL    RECORD    YEAR
 MAXIMUM TEMPERATURE (F)   67        MM        MM
 MINIMUM TEMPERATURE (F)   46        MM        MM


SUNRISE AND SUNSET
APRIL 26 2015.........SUNRISE   618 AM EDT   SUNSET   800 PM EDT
APRIL 27 2015.........SUNRISE   617 AM EDT   SUNSET   801 PM EDT


-  INDICATES NEGATIVE NUMBERS.
R  INDICATES RECORD WAS SET OR TIED.
MM INDICATES DATA IS MISSING.
T  INDICATES TRACE AMOUNT.




$$
