000
CDUS44 KHGX 272120
CLIHOU

SATCLIHOU 000
TTAA00 KHGX 272117


CLIMATE REPORT
NATIONAL WEATHER SERVICE HOUSTON/GALVESTON TX
416 PM CDT MON APR 27 2015


...................................

...THE HOUSTON INTERCONTINENTAL CLIMATE SUMMARY FOR APRIL 27 2015...
VALID TODAY AS OF 400 PM LOCAL TIME.

CLIMATE NORMAL PERIOD 1981 TO 2010
CLIMATE RECORD PERIOD 1892 TO 2015


WEATHER ITEM   OBSERVED TIME   RECORD YEAR NORMAL DEPARTURE LAST
                VALUE   (LST)  VALUE       VALUE  FROM      YEAR
                                                  NORMAL
..................................................................
TEMPERATURE (F)
 TODAY
  MAXIMUM         78   1237 PM  93    2011  82     -4       89
                                      1933
  MINIMUM         66    630 AM  47    1978  63      3       75
  AVERAGE         72                        72      0       82

PRECIPITATION (IN)
  TODAY            0.02          2.72 1957   0.13  -0.11      T
  MONTH TO DATE    6.10                      2.92   3.18     1.56
  SINCE MAR 1     12.44                      6.33   6.11     4.01
  SINCE JAN 1     16.27                     12.91   3.36     7.36

SNOWFALL (IN)
  TODAY            0.0          MM      MM   0.0    0.0      0.0
  MONTH TO DATE    0.0                       0.0    0.0      0.0
  SINCE MAR 1      0.0                       0.0    0.0      0.0
  SINCE JUL 1      0.0                       0.1   -0.1       T
  SNOW DEPTH       0

DEGREE DAYS
 HEATING
  TODAY            0                         0      0        0
  MONTH TO DATE    3                        35    -32       41
  SINCE MAR 1    142                       176    -34      255
  SINCE JUL 1   1461                      1364     97     1735

 COOLING
  TODAY            7                         8     -1       17
  MONTH TO DATE  233                       148     85      157
  SINCE MAR 1    301                       219     82      189
  SINCE JAN 1    311                       257     54      223
..................................................................


WIND (MPH)
  RESULTANT WIND SPEED   9   RESULTANT WIND DIRECTION   E (90)
  HIGHEST WIND SPEED    22   HIGHEST WIND DIRECTION    NW (320)
  HIGHEST GUST SPEED    30   HIGHEST GUST DIRECTION    NW (310)
  AVERAGE WIND SPEED    10.5



WEATHER CONDITIONS
 THE FOLLOWING WEATHER WAS RECORDED TODAY.
  RAIN
  LIGHT RAIN
  FOG


RELATIVE HUMIDITY (PERCENT)
 HIGHEST   100           400 AM
 LOWEST     69          1000 AM
 AVERAGE    85

..........................................................


THE HOUSTON INTERCONTINENTAL CLIMATE NORMALS FOR TOMORROW
                         NORMAL    RECORD    YEAR
 MAXIMUM TEMPERATURE (F)   82        95      1987
 MINIMUM TEMPERATURE (F)   63        47      1978
                                             1973


SUNRISE AND SUNSET
APRIL 27 2015.........SUNRISE   642 AM CDT   SUNSET   756 PM CDT
APRIL 28 2015.........SUNRISE   642 AM CDT   SUNSET   757 PM CDT


-  INDICATES NEGATIVE NUMBERS.
R  INDICATES RECORD WAS SET OR TIED.
MM INDICATES DATA IS MISSING.
T  INDICATES TRACE AMOUNT.


&&

...................................

...THE HOUSTON/HOBBY AIRPORT CLIMATE SUMMARY FOR APRIL 27 2015...
VALID TODAY AS OF 400 PM LOCAL TIME.

CLIMATE NORMAL PERIOD 1981 TO 2010
CLIMATE RECORD PERIOD 1930 TO 2015


WEATHER ITEM   OBSERVED TIME   RECORD YEAR NORMAL DEPARTURE LAST
                VALUE   (LST)  VALUE       VALUE  FROM      YEAR
                                                  NORMAL
..................................................................
TEMPERATURE (F)
 TODAY
  MAXIMUM         77   1044 AM  94    2011  81     -4       86
  MINIMUM         69    750 AM  53    2005  64      5       74
                                      1980
                                      1978
  AVERAGE         73                        73      0       80

PRECIPITATION (IN)
  TODAY            0.11          6.20 1972   0.12  -0.01     0.01
  MONTH TO DATE    8.20                      2.86   5.34     1.31
  SINCE MAR 1     14.58                      6.06   8.52     3.85
  SINCE JAN 1     20.46                     13.14   7.32     6.47

SNOWFALL (IN)
  TODAY            0.0          MM      MM   0.0    0.0      0.0
  MONTH TO DATE    0.0                       0.0    0.0      0.0
  SINCE MAR 1      0.0                       0.0    0.0      0.0
  SINCE JUL 1      0.0                       T      0.0       T
  SNOW DEPTH       0

DEGREE DAYS
 HEATING
  TODAY            0                         0      0        0
  MONTH TO DATE    0                        27    -27       31
  SINCE MAR 1    115                       148    -33      218
  SINCE JUL 1   1300                      1218     82     1545

 COOLING
  TODAY            8                         8      0       15
  MONTH TO DATE  242                       150     92      146
  SINCE MAR 1    317                       219     98      184
  SINCE JAN 1    327                       257     70      223
..................................................................


WIND (MPH)
  RESULTANT WIND SPEED   8   RESULTANT WIND DIRECTION   E (80)
  HIGHEST WIND SPEED    23   HIGHEST WIND DIRECTION     N (360)
  HIGHEST GUST SPEED    28   HIGHEST GUST DIRECTION     N (350)
  AVERAGE WIND SPEED     9.1



WEATHER CONDITIONS
 THE FOLLOWING WEATHER WAS RECORDED TODAY.
  THUNDERSTORM
  LIGHT RAIN
  FOG


RELATIVE HUMIDITY (PERCENT)
 HIGHEST    94           200 AM
 LOWEST     69          1000 AM
 AVERAGE    82

..........................................................


THE HOUSTON/HOBBY AIRPORT CLIMATE NORMALS FOR TOMORROW
                         NORMAL    RECORD    YEAR
 MAXIMUM TEMPERATURE (F)   81        94      1948
 MINIMUM TEMPERATURE (F)   64        51      1980


SUNRISE AND SUNSET
APRIL 27 2015.........SUNRISE   643 AM CDT   SUNSET   755 PM CDT
APRIL 28 2015.........SUNRISE   642 AM CDT   SUNSET   756 PM CDT


-  INDICATES NEGATIVE NUMBERS.
R  INDICATES RECORD WAS SET OR TIED.
MM INDICATES DATA IS MISSING.
T  INDICATES TRACE AMOUNT.

...MISCELLANEOUS CLIMATE DATA FOR TODAY...

LOCATION                        HIGH    LOW     PRECIP
PEARLAND                         77      70      0.08
SUGAR LAND                       78      68      0.09
TOMBALL                          80      65      0.55
CONROE                           78      64      0.56
HUNTSVILLE                       82      63      1.63
ANGLETON/LAKE JACKSON            76      69       T
PALACIOS                         81      73      0.05
LEAGUE CITY (NWS)                76      68      0.01


THIS PRODUCT...ALONG WITH OTHER WEATHER...HYDROLOGIC...AND CLIMATE
PRODUCTS...IS AVAILABLE ON THE WEB AT HTTP://WWW.SRH.NOAA.GOV/HGX
OR AT HTTP://WEATHER.GOV


$$
