000
CDUS44 KHUN 010732
CLIHSV


CLIMATE REPORT
NATIONAL WEATHER SERVICE HUNTSVILLE AL
232 AM CDT WED APR 1 2015


...................................

...THE HUNTSVILLE CLIMATE SUMMARY FOR MARCH 31 2015...

CLIMATE NORMAL PERIOD 1981 TO 2010
CLIMATE RECORD PERIOD 1894 TO 2015


WEATHER ITEM   OBSERVED TIME   RECORD YEAR NORMAL DEPARTURE LAST
                VALUE   (LST)  VALUE       VALUE  FROM      YEAR
                                                  NORMAL
..................................................................
TEMPERATURE (F)
 YESTERDAY
  MAXIMUM         77    324 PM  88    1963  69      8       77
  MINIMUM         45    525 AM  26    1942  46     -1       36
  AVERAGE         61                        58      3       57

PRECIPITATION (IN)
  YESTERDAY        0.30          2.22 1922   0.17   0.13      T
  MONTH TO DATE    5.62                      5.21   0.41     2.68
  SINCE MAR 1      5.62                      5.21   0.41     2.68
  SINCE JAN 1     13.36                     14.94  -1.58    12.55

SNOWFALL (IN)
  YESTERDAY        0.0
  MONTH TO DATE    1.0
  SINCE MAR 1      1.0
  SINCE JUL 1      9.8
  SNOW DEPTH       0

DEGREE DAYS
 HEATING
  YESTERDAY        4                         8     -4        8
  MONTH TO DATE  307                       369    -62      462
  SINCE MAR 1    307                       368    -61      462
  SINCE JUL 1   2948                      2820    128     3297

 COOLING
  YESTERDAY        0                         1     -1        0
  MONTH TO DATE    2                        13    -11        0
  SINCE MAR 1      2                        13    -11        0
  SINCE JAN 1      2                        14    -12        1
..................................................................


WIND (MPH)
  HIGHEST WIND SPEED    25   HIGHEST WIND DIRECTION     W (260)
  HIGHEST GUST SPEED    33   HIGHEST GUST DIRECTION     W (270)
  AVERAGE WIND SPEED     5.6


SKY COVER
  POSSIBLE SUNSHINE  MM
  AVERAGE SKY COVER 0.5


WEATHER CONDITIONS
 THE FOLLOWING WEATHER WAS RECORDED YESTERDAY.
  THUNDERSTORM
  RAIN
  LIGHT RAIN


RELATIVE HUMIDITY (PERCENT)
 HIGHEST    86           300 AM
 LOWEST     57          1100 AM
 AVERAGE    72

..........................................................


THE HUNTSVILLE CLIMATE NORMALS FOR TODAY
                         NORMAL    RECORD    YEAR
 MAXIMUM TEMPERATURE (F)   70        87      1963
 MINIMUM TEMPERATURE (F)   46        24      1923


SUNRISE AND SUNSET
APRIL  1 2015.........SUNRISE   634 AM CDT   SUNSET   708 PM CDT
APRIL  2 2015.........SUNRISE   633 AM CDT   SUNSET   709 PM CDT


-  INDICATES NEGATIVE NUMBERS.
R  INDICATES RECORD WAS SET OR TIED.
MM INDICATES DATA IS MISSING.
T  INDICATES TRACE AMOUNT.




$$
