000
CDUS44 KHUN 060714
CLIHSV


CLIMATE REPORT
NATIONAL WEATHER SERVICE HUNTSVILLE AL
214 AM CDT WED MAY 6 2015


...................................

...THE HUNTSVILLE CLIMATE SUMMARY FOR MAY 5 2015...

CLIMATE NORMAL PERIOD 1981 TO 2010
CLIMATE RECORD PERIOD 1894 TO 2015


WEATHER ITEM   OBSERVED TIME   RECORD YEAR NORMAL DEPARTURE LAST
                VALUE   (LST)  VALUE       VALUE  FROM      YEAR
                                                  NORMAL
..................................................................
TEMPERATURE (F)
 YESTERDAY
  MAXIMUM         86    243 PM  94    1959  79      7       88
  MINIMUM         58    514 AM  36    1957  56      2       58
                                      1945
  AVERAGE         72                        67      5       73

PRECIPITATION (IN)
  YESTERDAY        0.00          2.68 1999   0.18  -0.18     0.00
  MONTH TO DATE    0.00                      0.88  -0.88     0.00
  SINCE MAR 1     12.56                     10.41   2.15    10.80
  SINCE JAN 1     20.30                     20.14   0.16    20.67

SNOWFALL (IN)
  YESTERDAY        0.0
  MONTH TO DATE    0.0
  SINCE MAR 1      1.0
  SINCE JUL 1      9.8
  SNOW DEPTH       0

DEGREE DAYS
 HEATING
  YESTERDAY        0                         2     -2        0
  MONTH TO DATE    8                        10     -2       14
  SINCE MAR 1    383                       532   -149      604
  SINCE JUL 1   3024                      2984     40     3439

 COOLING
  YESTERDAY        7                         4      3        8
  MONTH TO DATE   14                        18     -4       14
  SINCE MAR 1     77                        89    -12       56
  SINCE JAN 1     77                        90    -13       57
..................................................................


WIND (MPH)
  HIGHEST WIND SPEED    15   HIGHEST WIND DIRECTION     E (110)
  HIGHEST GUST SPEED    21   HIGHEST GUST DIRECTION    SE (130)
  AVERAGE WIND SPEED     5.8


SKY COVER
  POSSIBLE SUNSHINE  MM
  AVERAGE SKY COVER 0.1


WEATHER CONDITIONS
 THE FOLLOWING WEATHER WAS RECORDED YESTERDAY.
  NO SIGNIFICANT WEATHER WAS OBSERVED.


RELATIVE HUMIDITY (PERCENT)
 HIGHEST    84           600 AM
 LOWEST     31           300 PM
 AVERAGE    58

..........................................................


THE HUNTSVILLE CLIMATE NORMALS FOR TODAY
                         NORMAL    RECORD    YEAR
 MAXIMUM TEMPERATURE (F)   79        95      1952
 MINIMUM TEMPERATURE (F)   56        37      1944


SUNRISE AND SUNSET
MAY  6 2015...........SUNRISE   552 AM CDT   SUNSET   736 PM CDT
MAY  7 2015...........SUNRISE   551 AM CDT   SUNSET   737 PM CDT


-  INDICATES NEGATIVE NUMBERS.
R  INDICATES RECORD WAS SET OR TIED.
MM INDICATES DATA IS MISSING.
T  INDICATES TRACE AMOUNT.




$$
